{"id":549,"date":"2017-06-12T13:14:42","date_gmt":"2017-06-12T12:14:42","guid":{"rendered":"https:\/\/uibie.com\/?post_type=product&#038;p=549"},"modified":"2024-12-03T13:50:52","modified_gmt":"2024-12-03T12:50:52","slug":"miel-de-normandie-printemps","status":"publish","type":"product","link":"https:\/\/uibie.com\/index.php\/produit\/miel-de-normandie-printemps\/","title":{"rendered":"Miel de printemps"},"content":{"rendered":"<p>Ingr\u00e9dient : Miel de fleurs origine France<\/p>\n<p><em>Poids net : 1000 grammes (14.5 euros le kilo) 500 grammes (18 euros le kilo) ou 250 grammes (22 euros le kilo)<\/em><\/p>\n<p>Suivez la vie de nos abeilles sur notre page\u00a0<a href=\"https:\/\/www.facebook.com\/uibieapiculture\">facebook<\/a>\u00a0et<a href=\"https:\/\/www.instagram.com\/uibieapiculture\">\u00a0instagram<\/a><\/p>\n<p><em><a href=\"https:\/\/www.normandiealaferme.com\/\">Adh\u00e9rant du r\u00e9seau \u00ab\u00a0Bienvenue \u00e0 la ferme\u00a0\u00bb<\/a><img loading=\"lazy\" decoding=\"async\" class=\"wp-image-7579 size-zerif-testimonial alignnone\" src=\"https:\/\/uibie.com\/wp-content\/uploads\/2020\/11\/bienvenue-a-la-ferme-Normandie-73x73.jpg\" alt=\"bienvenue \u00e0 la ferme\" width=\"73\" height=\"73\" srcset=\"https:\/\/uibie.com\/wp-content\/uploads\/2020\/11\/bienvenue-a-la-ferme-Normandie-73x73.jpg 73w, https:\/\/uibie.com\/wp-content\/uploads\/2020\/11\/bienvenue-a-la-ferme-Normandie-150x150.jpg 150w, https:\/\/uibie.com\/wp-content\/uploads\/2020\/11\/bienvenue-a-la-ferme-Normandie-50x50.jpg 50w, https:\/\/uibie.com\/wp-content\/uploads\/2020\/11\/bienvenue-a-la-ferme-Normandie-174x174.jpg 174w, https:\/\/uibie.com\/wp-content\/uploads\/2020\/11\/bienvenue-a-la-ferme-Normandie-165x165.jpg 165w, https:\/\/uibie.com\/wp-content\/uploads\/2020\/11\/bienvenue-a-la-ferme-Normandie.jpg 200w\" sizes=\"(max-width: 73px) 100vw, 73px\" \/><\/em><\/p>\n<p>&nbsp;<\/p>\n<p><strong>Miel de Normandie<\/strong><\/p>\n<p>Passionn\u00e9s d\u2019apiculture, nos ruches sont plac\u00e9es en Normandie, dans un environnement favorable aux\u00a0<a href=\"https:\/\/fr.wikipedia.org\/wiki\/Abeille\">abeilles<\/a>. Ce miel toutes fleurs a \u00e9t\u00e9 mis en pot par Jason et Dominique Garitan quelques jours apr\u00e8s sa r\u00e9colte. Ce miel de Normandie \u00e9volue lentement par une cristallisation naturelle.<\/p>\n<p>&nbsp;<\/p>\n","protected":false},"excerpt":{"rendered":"<h3>Description<\/h3>\n<p>Ce miel de Normandie est un miel de fleurs issu de notre r\u00e9colte de printemps. Souvent appr\u00e9ci\u00e9 pour sa douceur en bouche, il est principalement constitu\u00e9 de miel de pissenlit, pommier et colza il \u00e9volue tr\u00e8s rapidement vers une cristallisation naturelle.<\/p>\n<div class=\"woocommerce-product-details__short-description\">\n<h3>R\u00e9galez-vous !<\/h3>\n<p>Le miel de printemps pourra accompagner vos petits-d\u00e9jeuners ou vos go\u00fbters, sur du pain, brioche, cr\u00eapes ou \u00e0 la cuill\u00e8re pour les plus gourmands d\u2019entre vous. Il saura aussi accompagner vos tisanes et autres boisons chaudes !<\/p>\n<p><img loading=\"lazy\" decoding=\"async\" class=\"size-full wp-image-7400 aligncenter\" src=\"https:\/\/uibie.com\/wp-content\/uploads\/2017\/05\/camioin-petit.png\" alt=\"livraison miel\" width=\"50\" height=\"50\" \/><\/p>\n<p style=\"text-align: center;\"><strong>Livraison offerte :<\/strong><br \/>\n<strong>d\u00e8s 45 euros d\u2019achat en point relais<\/strong><br \/>\n<strong>d\u00e8s 55 euros d\u2019achat \u00e0 domicile<\/strong><\/p>\n<p><img loading=\"lazy\" decoding=\"async\" class=\"aligncenter size-full wp-image-7400\" src=\"https:\/\/uibie.com\/wp-content\/uploads\/2017\/05\/camioin-petit.png\" alt=\"livraison miel\" width=\"50\" height=\"50\" \/><\/p>\n<\/div>\n","protected":false},"featured_media":7718,"template":"","meta":[],"product_cat":[74],"product_tag":[],"class_list":["post-549","product","type-product","status-publish","has-post-thumbnail","hentry","product_cat-miel"],"wppr_data":{"cwp_meta_box_check":"No"},"yoast_head":"<!-- This site is optimized with the Yoast SEO plugin v24.0 - https:\/\/yoast.com\/wordpress\/plugins\/seo\/ -->\n<title>Miel de Normandie toutes fleurs, r\u00e9colte de printemps<\/title>\n<meta name=\"description\" content=\"Ce miel de Normandie toutes fleurs a \u00e9t\u00e9 r\u00e9colt\u00e9 et mis en pot par Jason et Dominique Garitan quelques jours apr\u00e8s sa r\u00e9colte.\" \/>\n<meta name=\"robots\" content=\"index, follow, max-snippet:-1, max-image-preview:large, max-video-preview:-1\" \/>\n<link rel=\"canonical\" href=\"https:\/\/uibie.com\/index.php\/produit\/miel-de-normandie-printemps\/\" \/>\n<meta property=\"og:locale\" content=\"fr_FR\" \/>\n<meta property=\"og:type\" content=\"article\" \/>\n<meta property=\"og:title\" content=\"Miel de Normandie toutes fleurs, r\u00e9colte de printemps\" \/>\n<meta property=\"og:description\" content=\"Ce miel de Normandie toutes fleurs a \u00e9t\u00e9 r\u00e9colt\u00e9 et mis en pot par Jason et Dominique Garitan quelques jours apr\u00e8s sa r\u00e9colte.\" \/>\n<meta property=\"og:url\" content=\"https:\/\/uibie.com\/index.php\/produit\/miel-de-normandie-printemps\/\" \/>\n<meta property=\"og:site_name\" content=\"Uibie\" \/>\n<meta property=\"article:publisher\" content=\"https:\/\/www.facebook.com\/uibieapiculture\/\" \/>\n<meta property=\"article:modified_time\" content=\"2024-12-03T12:50:52+00:00\" \/>\n<meta property=\"og:image\" content=\"https:\/\/uibie.com\/wp-content\/uploads\/2017\/06\/Uibie_Miel_printemps_01.jpg\" \/>\n\t<meta property=\"og:image:width\" content=\"1000\" \/>\n\t<meta property=\"og:image:height\" content=\"1000\" \/>\n\t<meta property=\"og:image:type\" content=\"image\/jpeg\" \/>\n<meta name=\"twitter:card\" content=\"summary_large_image\" \/>\n<meta name=\"twitter:label1\" content=\"Dur\u00e9e de lecture estim\u00e9e\" \/>\n\t<meta name=\"twitter:data1\" content=\"1 minute\" \/>\n<script type=\"application\/ld+json\" class=\"yoast-schema-graph\">{\"@context\":\"https:\/\/schema.org\",\"@graph\":[{\"@type\":\"WebPage\",\"@id\":\"https:\/\/uibie.com\/index.php\/produit\/miel-de-normandie-printemps\/\",\"url\":\"https:\/\/uibie.com\/index.php\/produit\/miel-de-normandie-printemps\/\",\"name\":\"Miel de Normandie toutes fleurs, r\u00e9colte de printemps\",\"isPartOf\":{\"@id\":\"https:\/\/uibie.com\/#website\"},\"primaryImageOfPage\":{\"@id\":\"https:\/\/uibie.com\/index.php\/produit\/miel-de-normandie-printemps\/#primaryimage\"},\"image\":{\"@id\":\"https:\/\/uibie.com\/index.php\/produit\/miel-de-normandie-printemps\/#primaryimage\"},\"thumbnailUrl\":\"https:\/\/uibie.com\/wp-content\/uploads\/2017\/06\/Uibie_Miel_printemps_01.jpg\",\"datePublished\":\"2017-06-12T12:14:42+00:00\",\"dateModified\":\"2024-12-03T12:50:52+00:00\",\"description\":\"Ce miel de Normandie toutes fleurs a \u00e9t\u00e9 r\u00e9colt\u00e9 et mis en pot par Jason et Dominique Garitan quelques jours apr\u00e8s sa r\u00e9colte.\",\"breadcrumb\":{\"@id\":\"https:\/\/uibie.com\/index.php\/produit\/miel-de-normandie-printemps\/#breadcrumb\"},\"inLanguage\":\"fr-FR\",\"potentialAction\":[{\"@type\":\"ReadAction\",\"target\":[\"https:\/\/uibie.com\/index.php\/produit\/miel-de-normandie-printemps\/\"]}]},{\"@type\":\"ImageObject\",\"inLanguage\":\"fr-FR\",\"@id\":\"https:\/\/uibie.com\/index.php\/produit\/miel-de-normandie-printemps\/#primaryimage\",\"url\":\"https:\/\/uibie.com\/wp-content\/uploads\/2017\/06\/Uibie_Miel_printemps_01.jpg\",\"contentUrl\":\"https:\/\/uibie.com\/wp-content\/uploads\/2017\/06\/Uibie_Miel_printemps_01.jpg\",\"width\":1000,\"height\":1000,\"caption\":\"Miel de fleurs de printemps\"},{\"@type\":\"BreadcrumbList\",\"@id\":\"https:\/\/uibie.com\/index.php\/produit\/miel-de-normandie-printemps\/#breadcrumb\",\"itemListElement\":[{\"@type\":\"ListItem\",\"position\":1,\"name\":\"Accueil\",\"item\":\"https:\/\/uibie.com\/\"},{\"@type\":\"ListItem\",\"position\":2,\"name\":\"Produits\",\"item\":\"https:\/\/uibie.com\/index.php\/shop\/\"},{\"@type\":\"ListItem\",\"position\":3,\"name\":\"Miel de printemps\"}]},{\"@type\":\"WebSite\",\"@id\":\"https:\/\/uibie.com\/#website\",\"url\":\"https:\/\/uibie.com\/\",\"name\":\"Uibie\",\"description\":\"L&#039;apiculture avec Jason Garitan\",\"publisher\":{\"@id\":\"https:\/\/uibie.com\/#organization\"},\"potentialAction\":[{\"@type\":\"SearchAction\",\"target\":{\"@type\":\"EntryPoint\",\"urlTemplate\":\"https:\/\/uibie.com\/?s={search_term_string}\"},\"query-input\":{\"@type\":\"PropertyValueSpecification\",\"valueRequired\":true,\"valueName\":\"search_term_string\"}}],\"inLanguage\":\"fr-FR\"},{\"@type\":\"Organization\",\"@id\":\"https:\/\/uibie.com\/#organization\",\"name\":\"Uibie : apiculture urbaine avec Jason Garitan\",\"url\":\"https:\/\/uibie.com\/\",\"logo\":{\"@type\":\"ImageObject\",\"inLanguage\":\"fr-FR\",\"@id\":\"https:\/\/uibie.com\/#\/schema\/logo\/image\/\",\"url\":\"https:\/\/uibie.com\/wp-content\/uploads\/2017\/07\/Uibie_FB_Pro1.png\",\"contentUrl\":\"https:\/\/uibie.com\/wp-content\/uploads\/2017\/07\/Uibie_FB_Pro1.png\",\"width\":400,\"height\":400,\"caption\":\"Uibie : apiculture urbaine avec Jason Garitan\"},\"image\":{\"@id\":\"https:\/\/uibie.com\/#\/schema\/logo\/image\/\"},\"sameAs\":[\"https:\/\/www.facebook.com\/uibieapiculture\/\",\"https:\/\/www.instagram.com\/uibieapiculture\/\",\"https:\/\/fr.linkedin.com\/in\/jason-garitan-94a23a135\"]}]}<\/script>\n<!-- \/ Yoast SEO plugin. -->","yoast_head_json":{"title":"Miel de Normandie toutes fleurs, r\u00e9colte de printemps","description":"Ce miel de Normandie toutes fleurs a \u00e9t\u00e9 r\u00e9colt\u00e9 et mis en pot par Jason et Dominique Garitan quelques jours apr\u00e8s sa r\u00e9colte.","robots":{"index":"index","follow":"follow","max-snippet":"max-snippet:-1","max-image-preview":"max-image-preview:large","max-video-preview":"max-video-preview:-1"},"canonical":"https:\/\/uibie.com\/index.php\/produit\/miel-de-normandie-printemps\/","og_locale":"fr_FR","og_type":"article","og_title":"Miel de Normandie toutes fleurs, r\u00e9colte de printemps","og_description":"Ce miel de Normandie toutes fleurs a \u00e9t\u00e9 r\u00e9colt\u00e9 et mis en pot par Jason et Dominique Garitan quelques jours apr\u00e8s sa r\u00e9colte.","og_url":"https:\/\/uibie.com\/index.php\/produit\/miel-de-normandie-printemps\/","og_site_name":"Uibie","article_publisher":"https:\/\/www.facebook.com\/uibieapiculture\/","article_modified_time":"2024-12-03T12:50:52+00:00","og_image":[{"width":1000,"height":1000,"url":"https:\/\/uibie.com\/wp-content\/uploads\/2017\/06\/Uibie_Miel_printemps_01.jpg","type":"image\/jpeg"}],"twitter_card":"summary_large_image","twitter_misc":{"Dur\u00e9e de lecture estim\u00e9e":"1 minute"},"schema":{"@context":"https:\/\/schema.org","@graph":[{"@type":"WebPage","@id":"https:\/\/uibie.com\/index.php\/produit\/miel-de-normandie-printemps\/","url":"https:\/\/uibie.com\/index.php\/produit\/miel-de-normandie-printemps\/","name":"Miel de Normandie toutes fleurs, r\u00e9colte de printemps","isPartOf":{"@id":"https:\/\/uibie.com\/#website"},"primaryImageOfPage":{"@id":"https:\/\/uibie.com\/index.php\/produit\/miel-de-normandie-printemps\/#primaryimage"},"image":{"@id":"https:\/\/uibie.com\/index.php\/produit\/miel-de-normandie-printemps\/#primaryimage"},"thumbnailUrl":"https:\/\/uibie.com\/wp-content\/uploads\/2017\/06\/Uibie_Miel_printemps_01.jpg","datePublished":"2017-06-12T12:14:42+00:00","dateModified":"2024-12-03T12:50:52+00:00","description":"Ce miel de Normandie toutes fleurs a \u00e9t\u00e9 r\u00e9colt\u00e9 et mis en pot par Jason et Dominique Garitan quelques jours apr\u00e8s sa r\u00e9colte.","breadcrumb":{"@id":"https:\/\/uibie.com\/index.php\/produit\/miel-de-normandie-printemps\/#breadcrumb"},"inLanguage":"fr-FR","potentialAction":[{"@type":"ReadAction","target":["https:\/\/uibie.com\/index.php\/produit\/miel-de-normandie-printemps\/"]}]},{"@type":"ImageObject","inLanguage":"fr-FR","@id":"https:\/\/uibie.com\/index.php\/produit\/miel-de-normandie-printemps\/#primaryimage","url":"https:\/\/uibie.com\/wp-content\/uploads\/2017\/06\/Uibie_Miel_printemps_01.jpg","contentUrl":"https:\/\/uibie.com\/wp-content\/uploads\/2017\/06\/Uibie_Miel_printemps_01.jpg","width":1000,"height":1000,"caption":"Miel de fleurs de printemps"},{"@type":"BreadcrumbList","@id":"https:\/\/uibie.com\/index.php\/produit\/miel-de-normandie-printemps\/#breadcrumb","itemListElement":[{"@type":"ListItem","position":1,"name":"Accueil","item":"https:\/\/uibie.com\/"},{"@type":"ListItem","position":2,"name":"Produits","item":"https:\/\/uibie.com\/index.php\/shop\/"},{"@type":"ListItem","position":3,"name":"Miel de printemps"}]},{"@type":"WebSite","@id":"https:\/\/uibie.com\/#website","url":"https:\/\/uibie.com\/","name":"Uibie","description":"L&#039;apiculture avec Jason Garitan","publisher":{"@id":"https:\/\/uibie.com\/#organization"},"potentialAction":[{"@type":"SearchAction","target":{"@type":"EntryPoint","urlTemplate":"https:\/\/uibie.com\/?s={search_term_string}"},"query-input":{"@type":"PropertyValueSpecification","valueRequired":true,"valueName":"search_term_string"}}],"inLanguage":"fr-FR"},{"@type":"Organization","@id":"https:\/\/uibie.com\/#organization","name":"Uibie : apiculture urbaine avec Jason Garitan","url":"https:\/\/uibie.com\/","logo":{"@type":"ImageObject","inLanguage":"fr-FR","@id":"https:\/\/uibie.com\/#\/schema\/logo\/image\/","url":"https:\/\/uibie.com\/wp-content\/uploads\/2017\/07\/Uibie_FB_Pro1.png","contentUrl":"https:\/\/uibie.com\/wp-content\/uploads\/2017\/07\/Uibie_FB_Pro1.png","width":400,"height":400,"caption":"Uibie : apiculture urbaine avec Jason Garitan"},"image":{"@id":"https:\/\/uibie.com\/#\/schema\/logo\/image\/"},"sameAs":["https:\/\/www.facebook.com\/uibieapiculture\/","https:\/\/www.instagram.com\/uibieapiculture\/","https:\/\/fr.linkedin.com\/in\/jason-garitan-94a23a135"]}]}},"jetpack_sharing_enabled":true,"_links":{"self":[{"href":"https:\/\/uibie.com\/index.php\/wp-json\/wp\/v2\/product\/549"}],"collection":[{"href":"https:\/\/uibie.com\/index.php\/wp-json\/wp\/v2\/product"}],"about":[{"href":"https:\/\/uibie.com\/index.php\/wp-json\/wp\/v2\/types\/product"}],"wp:featuredmedia":[{"embeddable":true,"href":"https:\/\/uibie.com\/index.php\/wp-json\/wp\/v2\/media\/7718"}],"wp:attachment":[{"href":"https:\/\/uibie.com\/index.php\/wp-json\/wp\/v2\/media?parent=549"}],"wp:term":[{"taxonomy":"product_cat","embeddable":true,"href":"https:\/\/uibie.com\/index.php\/wp-json\/wp\/v2\/product_cat?post=549"},{"taxonomy":"product_tag","embeddable":true,"href":"https:\/\/uibie.com\/index.php\/wp-json\/wp\/v2\/product_tag?post=549"}],"curies":[{"name":"wp","href":"https:\/\/api.w.org\/{rel}","templated":true}]}}