{"id":6454,"date":"2020-02-13T14:44:44","date_gmt":"2020-02-13T13:44:44","guid":{"rendered":"https:\/\/uibie.com\/?page_id=6454"},"modified":"2021-02-26T14:39:24","modified_gmt":"2021-02-26T13:39:24","slug":"utilisation-des-cookies","status":"publish","type":"page","link":"https:\/\/uibie.com\/index.php\/utilisation-des-cookies\/","title":{"rendered":"Cookies"},"content":{"rendered":"<div id=\"pl-gb6454-69f6f4ad1659d\"  class=\"panel-layout\" ><div id=\"pg-gb6454-69f6f4ad1659d-0\"  class=\"panel-grid panel-no-style\" ><div id=\"pgc-gb6454-69f6f4ad1659d-0-0\"  class=\"panel-grid-cell\" ><div id=\"panel-gb6454-69f6f4ad1659d-0-0-0\" class=\"so-panel widget widget_black-studio-tinymce widget_black_studio_tinymce panel-first-child panel-last-child\" data-index=\"0\" ><div class=\"textwidget\"><h1>Utilisation des cookies<\/h1>\n<p>En continuant sur notre site, vous acceptez les l&rsquo;utilisations des cookies.<\/p>\n<p>Le site www.uibie.com utilise les cookies :<\/p>\n<ul>\n<li id=\"tw-target-text\" class=\"tw-data-text tw-text-large tw-ta\" dir=\"ltr\" data-placeholder=\"Translation\"><span lang=\"fr\">Lorsque vous d\u00e9cidez de laisser un commentaire sur www.uibie.com, des cookies seront stock\u00e9s sur votre ordinateur. Ceci est purement pratique, afin que vous n&rsquo;ayez pas besoin de retaper toutes ses informations lorsque vous souhaitez laisser un autre commentaire. Trois cookies sont d\u00e9finis pour les commentateurs: <\/span><\/li>\n<\/ul>\n<p class=\"tw-data-text tw-text-large tw-ta\" dir=\"ltr\" data-placeholder=\"Translation\"><span lang=\"fr\">comment_author_ {HASH}<br \/><\/span>comment_author_email_ {HASH}<br \/><span lang=\"fr\">comment_author_url_ {HASH} <\/span><\/p>\n<p class=\"tw-data-text tw-text-large tw-ta\" dir=\"ltr\" data-placeholder=\"Translation\"><span lang=\"fr\">Les cookies de commentateur expireront un peu moins d&rsquo;un an \u00e0 compter de leur configuration.<\/span><\/p>\n<ul>\n<li dir=\"ltr\" data-placeholder=\"Translation\">Lorsque vous d\u00e9cidez de passer commande sur le site www.uibie.com des cookies seront stock\u00e9s sur votre ordinateur pour faciliter votre navigation. Uibie.com utilise le plugin woocommerce pour sa boutique en ligne et utilis\u00e9 les cookies suivant :<\/li>\n<\/ul>\n<p>&nbsp;<\/p>\n<table style=\"height: 297px;\" width=\"1314\">\n<thead>\n<tr>\n<th style=\"text-align: center;\">Nom du cookie\u00a0\u00a0<\/th>\n<th style=\"text-align: center;\">Temps de stockage\u00a0<\/th>\n<th style=\"text-align: center;\">But<\/th>\n<\/tr>\n<\/thead>\n<tbody>\n<tr>\n<td><code>woocommerce_cart_hash<\/code><\/td>\n<td style=\"text-align: center;\">session<\/td>\n<td style=\"text-align: center;\">Aide WooCommerce \u00e0 d\u00e9terminer quand le contenu \/ les donn\u00e9es du panier changent.<\/td>\n<\/tr>\n<tr>\n<td><code>woocommerce_items_in_cart\u00a0<\/code><\/td>\n<td style=\"text-align: center;\">session<\/td>\n<td style=\"text-align: center;\">Aide WooCommerce \u00e0 d\u00e9terminer quand le contenu \/ les donn\u00e9es du panier changent.<\/td>\n<\/tr>\n<tr>\n<td><code>wp_woocommerce_session_<\/code><\/td>\n<td style=\"text-align: center;\">2 jours<\/td>\n<td style=\"text-align: center;\">Contient un code unique pour chaque client afin qu&rsquo;il sache o\u00f9 trouver les donn\u00e9es du panier dans la base de donn\u00e9es pour chaque client.<\/td>\n<\/tr>\n<tr>\n<td><code>woocommerce_recently_viewed<\/code><\/td>\n<td style=\"text-align: center;\">session<\/td>\n<td>\n<p id=\"tw-target-text\" class=\"tw-data-text tw-text-large tw-ta\" dir=\"ltr\" style=\"text-align: center;\" data-placeholder=\"Translation\"><span lang=\"fr\">Alimente le widget \u00ab\u00a0Produits r\u00e9cemment consult\u00e9s\u00a0\u00bb.<\/span><\/p>\n<\/td>\n<\/tr>\n<tr>\n<td style=\"text-align: center;\"><code>store_notice[notice id]<\/code><\/td>\n<td style=\"text-align: center;\">session<\/td>\n<td style=\"text-align: center;\">Permet aux clients de rejeter l&rsquo;avis de magasin.<\/td>\n<\/tr>\n<\/tbody>\n<\/table>\n<\/div><\/div><\/div><\/div><\/div>","protected":false},"excerpt":{"rendered":"<p>Utilisation des cookies En continuant sur notre site, vous acceptez les l&rsquo;utilisations des cookies. Le site www.uibie.com utilise les cookies : Lorsque vous d\u00e9cidez de laisser un commentaire sur www.uibie.com, des cookies seront stock\u00e9s sur votre ordinateur. Ceci est purement pratique, afin que vous n&rsquo;ayez pas besoin de retaper toutes ses informations lorsque vous souhaitez<a href=\"https:\/\/uibie.com\/index.php\/utilisation-des-cookies\/\">[&#8230;]<\/a><\/p>\n","protected":false},"author":1,"featured_media":0,"parent":0,"menu_order":0,"comment_status":"closed","ping_status":"closed","template":"template-fullwidth-no-title.php","meta":{"footnotes":""},"class_list":["post-6454","page","type-page","status-publish","hentry"],"wppr_data":{"cwp_meta_box_check":"No"},"yoast_head":"<!-- This site is optimized with the Yoast SEO plugin v24.0 - https:\/\/yoast.com\/wordpress\/plugins\/seo\/ -->\n<title>Cookies - Uibie<\/title>\n<meta name=\"robots\" content=\"index, follow, max-snippet:-1, max-image-preview:large, max-video-preview:-1\" \/>\n<link rel=\"canonical\" href=\"https:\/\/uibie.com\/index.php\/utilisation-des-cookies\/\" \/>\n<meta property=\"og:locale\" content=\"fr_FR\" \/>\n<meta property=\"og:type\" content=\"article\" \/>\n<meta property=\"og:title\" content=\"Cookies - Uibie\" \/>\n<meta property=\"og:description\" content=\"Utilisation des cookies En continuant sur notre site, vous acceptez les l&#039;utilisations des cookies. Le site www.uibie.com utilise les cookies : Lorsque vous d\u00e9cidez de laisser un commentaire sur www.uibie.com, des cookies seront stock\u00e9s sur votre ordinateur. Ceci est purement pratique, afin que vous n&#039;ayez pas besoin de retaper toutes ses informations lorsque vous souhaitez[...]\" \/>\n<meta property=\"og:url\" content=\"https:\/\/uibie.com\/index.php\/utilisation-des-cookies\/\" \/>\n<meta property=\"og:site_name\" content=\"Uibie\" \/>\n<meta property=\"article:publisher\" content=\"https:\/\/www.facebook.com\/uibieapiculture\/\" \/>\n<meta property=\"article:modified_time\" content=\"2021-02-26T13:39:24+00:00\" \/>\n<meta name=\"twitter:card\" content=\"summary_large_image\" \/>\n<meta name=\"twitter:label1\" content=\"Dur\u00e9e de lecture estim\u00e9e\" \/>\n\t<meta name=\"twitter:data1\" content=\"1 minute\" \/>\n<script type=\"application\/ld+json\" class=\"yoast-schema-graph\">{\"@context\":\"https:\/\/schema.org\",\"@graph\":[{\"@type\":\"WebPage\",\"@id\":\"https:\/\/uibie.com\/index.php\/utilisation-des-cookies\/\",\"url\":\"https:\/\/uibie.com\/index.php\/utilisation-des-cookies\/\",\"name\":\"Cookies - Uibie\",\"isPartOf\":{\"@id\":\"https:\/\/uibie.com\/#website\"},\"datePublished\":\"2020-02-13T13:44:44+00:00\",\"dateModified\":\"2021-02-26T13:39:24+00:00\",\"breadcrumb\":{\"@id\":\"https:\/\/uibie.com\/index.php\/utilisation-des-cookies\/#breadcrumb\"},\"inLanguage\":\"fr-FR\",\"potentialAction\":[{\"@type\":\"ReadAction\",\"target\":[\"https:\/\/uibie.com\/index.php\/utilisation-des-cookies\/\"]}]},{\"@type\":\"BreadcrumbList\",\"@id\":\"https:\/\/uibie.com\/index.php\/utilisation-des-cookies\/#breadcrumb\",\"itemListElement\":[{\"@type\":\"ListItem\",\"position\":1,\"name\":\"Accueil\",\"item\":\"https:\/\/uibie.com\/\"},{\"@type\":\"ListItem\",\"position\":2,\"name\":\"Cookies\"}]},{\"@type\":\"WebSite\",\"@id\":\"https:\/\/uibie.com\/#website\",\"url\":\"https:\/\/uibie.com\/\",\"name\":\"Uibie\",\"description\":\"L&#039;apiculture avec Jason Garitan\",\"publisher\":{\"@id\":\"https:\/\/uibie.com\/#organization\"},\"potentialAction\":[{\"@type\":\"SearchAction\",\"target\":{\"@type\":\"EntryPoint\",\"urlTemplate\":\"https:\/\/uibie.com\/?s={search_term_string}\"},\"query-input\":{\"@type\":\"PropertyValueSpecification\",\"valueRequired\":true,\"valueName\":\"search_term_string\"}}],\"inLanguage\":\"fr-FR\"},{\"@type\":\"Organization\",\"@id\":\"https:\/\/uibie.com\/#organization\",\"name\":\"Uibie : apiculture urbaine avec Jason Garitan\",\"url\":\"https:\/\/uibie.com\/\",\"logo\":{\"@type\":\"ImageObject\",\"inLanguage\":\"fr-FR\",\"@id\":\"https:\/\/uibie.com\/#\/schema\/logo\/image\/\",\"url\":\"https:\/\/uibie.com\/wp-content\/uploads\/2017\/07\/Uibie_FB_Pro1.png\",\"contentUrl\":\"https:\/\/uibie.com\/wp-content\/uploads\/2017\/07\/Uibie_FB_Pro1.png\",\"width\":400,\"height\":400,\"caption\":\"Uibie : apiculture urbaine avec Jason Garitan\"},\"image\":{\"@id\":\"https:\/\/uibie.com\/#\/schema\/logo\/image\/\"},\"sameAs\":[\"https:\/\/www.facebook.com\/uibieapiculture\/\",\"https:\/\/www.instagram.com\/uibieapiculture\/\",\"https:\/\/fr.linkedin.com\/in\/jason-garitan-94a23a135\"]}]}<\/script>\n<!-- \/ Yoast SEO plugin. -->","yoast_head_json":{"title":"Cookies - Uibie","robots":{"index":"index","follow":"follow","max-snippet":"max-snippet:-1","max-image-preview":"max-image-preview:large","max-video-preview":"max-video-preview:-1"},"canonical":"https:\/\/uibie.com\/index.php\/utilisation-des-cookies\/","og_locale":"fr_FR","og_type":"article","og_title":"Cookies - Uibie","og_description":"Utilisation des cookies En continuant sur notre site, vous acceptez les l'utilisations des cookies. Le site www.uibie.com utilise les cookies : Lorsque vous d\u00e9cidez de laisser un commentaire sur www.uibie.com, des cookies seront stock\u00e9s sur votre ordinateur. Ceci est purement pratique, afin que vous n'ayez pas besoin de retaper toutes ses informations lorsque vous souhaitez[...]","og_url":"https:\/\/uibie.com\/index.php\/utilisation-des-cookies\/","og_site_name":"Uibie","article_publisher":"https:\/\/www.facebook.com\/uibieapiculture\/","article_modified_time":"2021-02-26T13:39:24+00:00","twitter_card":"summary_large_image","twitter_misc":{"Dur\u00e9e de lecture estim\u00e9e":"1 minute"},"schema":{"@context":"https:\/\/schema.org","@graph":[{"@type":"WebPage","@id":"https:\/\/uibie.com\/index.php\/utilisation-des-cookies\/","url":"https:\/\/uibie.com\/index.php\/utilisation-des-cookies\/","name":"Cookies - Uibie","isPartOf":{"@id":"https:\/\/uibie.com\/#website"},"datePublished":"2020-02-13T13:44:44+00:00","dateModified":"2021-02-26T13:39:24+00:00","breadcrumb":{"@id":"https:\/\/uibie.com\/index.php\/utilisation-des-cookies\/#breadcrumb"},"inLanguage":"fr-FR","potentialAction":[{"@type":"ReadAction","target":["https:\/\/uibie.com\/index.php\/utilisation-des-cookies\/"]}]},{"@type":"BreadcrumbList","@id":"https:\/\/uibie.com\/index.php\/utilisation-des-cookies\/#breadcrumb","itemListElement":[{"@type":"ListItem","position":1,"name":"Accueil","item":"https:\/\/uibie.com\/"},{"@type":"ListItem","position":2,"name":"Cookies"}]},{"@type":"WebSite","@id":"https:\/\/uibie.com\/#website","url":"https:\/\/uibie.com\/","name":"Uibie","description":"L&#039;apiculture avec Jason Garitan","publisher":{"@id":"https:\/\/uibie.com\/#organization"},"potentialAction":[{"@type":"SearchAction","target":{"@type":"EntryPoint","urlTemplate":"https:\/\/uibie.com\/?s={search_term_string}"},"query-input":{"@type":"PropertyValueSpecification","valueRequired":true,"valueName":"search_term_string"}}],"inLanguage":"fr-FR"},{"@type":"Organization","@id":"https:\/\/uibie.com\/#organization","name":"Uibie : apiculture urbaine avec Jason Garitan","url":"https:\/\/uibie.com\/","logo":{"@type":"ImageObject","inLanguage":"fr-FR","@id":"https:\/\/uibie.com\/#\/schema\/logo\/image\/","url":"https:\/\/uibie.com\/wp-content\/uploads\/2017\/07\/Uibie_FB_Pro1.png","contentUrl":"https:\/\/uibie.com\/wp-content\/uploads\/2017\/07\/Uibie_FB_Pro1.png","width":400,"height":400,"caption":"Uibie : apiculture urbaine avec Jason Garitan"},"image":{"@id":"https:\/\/uibie.com\/#\/schema\/logo\/image\/"},"sameAs":["https:\/\/www.facebook.com\/uibieapiculture\/","https:\/\/www.instagram.com\/uibieapiculture\/","https:\/\/fr.linkedin.com\/in\/jason-garitan-94a23a135"]}]}},"jetpack_sharing_enabled":true,"_links":{"self":[{"href":"https:\/\/uibie.com\/index.php\/wp-json\/wp\/v2\/pages\/6454"}],"collection":[{"href":"https:\/\/uibie.com\/index.php\/wp-json\/wp\/v2\/pages"}],"about":[{"href":"https:\/\/uibie.com\/index.php\/wp-json\/wp\/v2\/types\/page"}],"author":[{"embeddable":true,"href":"https:\/\/uibie.com\/index.php\/wp-json\/wp\/v2\/users\/1"}],"replies":[{"embeddable":true,"href":"https:\/\/uibie.com\/index.php\/wp-json\/wp\/v2\/comments?post=6454"}],"version-history":[{"count":5,"href":"https:\/\/uibie.com\/index.php\/wp-json\/wp\/v2\/pages\/6454\/revisions"}],"predecessor-version":[{"id":7773,"href":"https:\/\/uibie.com\/index.php\/wp-json\/wp\/v2\/pages\/6454\/revisions\/7773"}],"wp:attachment":[{"href":"https:\/\/uibie.com\/index.php\/wp-json\/wp\/v2\/media?parent=6454"}],"curies":[{"name":"wp","href":"https:\/\/api.w.org\/{rel}","templated":true}]}}