{"id":514,"date":"2017-05-15T20:13:55","date_gmt":"2017-05-15T19:13:55","guid":{"rendered":"https:\/\/uibie.com\/?page_id=514"},"modified":"2021-01-21T23:41:49","modified_gmt":"2021-01-21T22:41:49","slug":"ruches-bosch","status":"publish","type":"page","link":"https:\/\/uibie.com\/index.php\/ruches-bosch\/","title":{"rendered":"Bosch"},"content":{"rendered":"<div id=\"pl-514\"  class=\"panel-layout\" ><div id=\"pg-514-0\"  class=\"panel-grid panel-has-style\" ><div class=\"siteorigin-panels-stretch panel-row-style panel-row-style-for-514-0\" data-stretch-type=\"full\" ><div id=\"pgc-514-0-0\"  class=\"panel-grid-cell\" ><div id=\"panel-514-0-0-0\" class=\"so-panel widget widget_black-studio-tinymce widget_black_studio_tinymce panel-first-child panel-last-child\" data-index=\"0\" ><div class=\"textwidget\"><p><span class=\"\" style=\"display:block;clear:both;height: 0px;padding-top: 700px;border-top-width:0px;border-bottom-width:0px;\"><\/span><\/p>\n<\/div><\/div><\/div><\/div><\/div><div id=\"pg-514-1\"  class=\"panel-grid panel-no-style\" ><div id=\"pgc-514-1-0\"  class=\"panel-grid-cell\" ><div id=\"panel-514-1-0-0\" class=\"so-panel widget widget_black-studio-tinymce widget_black_studio_tinymce panel-first-child panel-last-child\" data-index=\"1\" ><h3 class=\"widget-title\">Des ruches dans l&rsquo;entreprise Bosch \u00e0 Mondeville !!<\/h3><div class=\"textwidget\"><p><span class=\"\" style=\"display:block;clear:both;height: 0px;padding-top: 50px;border-top-width:0px;border-bottom-width:0px;\"><\/span>En pleine saison, plus de 150 000 abeilles iront butiner les alentours du site de Bosch \u00e0 Mondeville. Elles travailleront donc activement \u00e0 l'am\u00e9lioration de la biodiversit\u00e9 environnante ! C'est un engagement fort de l'entreprise Bosh, pour la survie des abeilles et l'apiculture locale.\u00a0En effet, en France, depuis 1995, pr\u00e8s de 30 % des colonies d\u2019abeilles disparaissent chaque ann\u00e9e. En 10 ans, 15 000 apiculteurs ont cess\u00e9 leur activit\u00e9.<\/p>\n<\/div><\/div><\/div><div id=\"pgc-514-1-1\"  class=\"panel-grid-cell\" ><div id=\"panel-514-1-1-0\" class=\"so-panel widget widget_black-studio-tinymce widget_black_studio_tinymce panel-first-child panel-last-child\" data-index=\"2\" ><div class=\"textwidget\"><p><img loading=\"lazy\" decoding=\"async\" class=\"aligncenter wp-image-519 size-large\" src=\"https:\/\/uibie.com\/wp-content\/uploads\/2017\/05\/DSC_0149-1024x681.jpg\" alt=\"Apiculteur Caen Bosch\" width=\"640\" height=\"426\" srcset=\"https:\/\/uibie.com\/wp-content\/uploads\/2017\/05\/DSC_0149-1024x681.jpg 1024w, https:\/\/uibie.com\/wp-content\/uploads\/2017\/05\/DSC_0149-1600x1064.jpg 1600w, https:\/\/uibie.com\/wp-content\/uploads\/2017\/05\/DSC_0149-300x199.jpg 300w, https:\/\/uibie.com\/wp-content\/uploads\/2017\/05\/DSC_0149-768x511.jpg 768w, https:\/\/uibie.com\/wp-content\/uploads\/2017\/05\/DSC_0149-750x500.jpg 750w, https:\/\/uibie.com\/wp-content\/uploads\/2017\/05\/DSC_0149-50x33.jpg 50w, https:\/\/uibie.com\/wp-content\/uploads\/2017\/05\/DSC_0149-1200x800.jpg 1200w\" sizes=\"(max-width: 640px) 100vw, 640px\" \/><\/p>\n<\/div><\/div><\/div><\/div><div id=\"pg-514-2\"  class=\"panel-grid panel-no-style\" ><div id=\"pgc-514-2-0\"  class=\"panel-grid-cell\" ><div id=\"panel-514-2-0-0\" class=\"so-panel widget widget_black-studio-tinymce widget_black_studio_tinymce panel-first-child panel-last-child\" data-index=\"3\" ><div class=\"textwidget\"><p><img loading=\"lazy\" decoding=\"async\" class=\"aligncenter size-large wp-image-521\" src=\"https:\/\/uibie.com\/wp-content\/uploads\/2017\/05\/DSC_0146-1024x681.jpg\" alt=\"Abeilles Bosch\" width=\"640\" height=\"426\" srcset=\"https:\/\/uibie.com\/wp-content\/uploads\/2017\/05\/DSC_0146-1024x681.jpg 1024w, https:\/\/uibie.com\/wp-content\/uploads\/2017\/05\/DSC_0146-1600x1064.jpg 1600w, https:\/\/uibie.com\/wp-content\/uploads\/2017\/05\/DSC_0146-300x199.jpg 300w, https:\/\/uibie.com\/wp-content\/uploads\/2017\/05\/DSC_0146-768x511.jpg 768w, https:\/\/uibie.com\/wp-content\/uploads\/2017\/05\/DSC_0146-750x500.jpg 750w, https:\/\/uibie.com\/wp-content\/uploads\/2017\/05\/DSC_0146-50x33.jpg 50w, https:\/\/uibie.com\/wp-content\/uploads\/2017\/05\/DSC_0146-1200x800.jpg 1200w\" sizes=\"(max-width: 640px) 100vw, 640px\" \/><\/p>\n<\/div><\/div><\/div><div id=\"pgc-514-2-1\"  class=\"panel-grid-cell\" ><div id=\"panel-514-2-1-0\" class=\"so-panel widget widget_black-studio-tinymce widget_black_studio_tinymce panel-first-child panel-last-child\" data-index=\"4\" ><div class=\"textwidget\"><p>L\u2019abeille joue un r\u00f4le fondamental dans le processus de pollinisation. La fragilisation de ce bel insecte menace donc de nombreuses cultures et esp\u00e8ces v\u00e9g\u00e9tales. Il existe un grand nombre d'insectes pollinisateurs comme les bourdons, papillons, ... mais les abeilles assurent la plus grande part de la pollinisation. Des esp\u00e8ces telles que pommiers, cerisiers, oignons ou encore le coton d\u00e9pendent \u00e0 plus de 90% de la pollinisation par l\u2019abeille \u2026.<\/p>\n<p><a href=\"https:\/\/uibie.com\/index.php\/ruches-en-entreprise\/\">Plus d'information<\/a><\/p>\n<\/div><\/div><\/div><div id=\"pgc-514-2-2\"  class=\"panel-grid-cell\" ><div id=\"panel-514-2-2-0\" class=\"so-panel widget widget_black-studio-tinymce widget_black_studio_tinymce panel-first-child panel-last-child\" data-index=\"5\" ><div class=\"textwidget\"><p><img loading=\"lazy\" decoding=\"async\" class=\"aligncenter size-large wp-image-523\" src=\"https:\/\/uibie.com\/wp-content\/uploads\/2017\/05\/DSC_0136-1024x681.jpg\" alt=\"Abeilles Bosch\" width=\"640\" height=\"426\" srcset=\"https:\/\/uibie.com\/wp-content\/uploads\/2017\/05\/DSC_0136-1024x681.jpg 1024w, https:\/\/uibie.com\/wp-content\/uploads\/2017\/05\/DSC_0136-1600x1064.jpg 1600w, https:\/\/uibie.com\/wp-content\/uploads\/2017\/05\/DSC_0136-300x199.jpg 300w, https:\/\/uibie.com\/wp-content\/uploads\/2017\/05\/DSC_0136-768x511.jpg 768w, https:\/\/uibie.com\/wp-content\/uploads\/2017\/05\/DSC_0136-750x500.jpg 750w, https:\/\/uibie.com\/wp-content\/uploads\/2017\/05\/DSC_0136-50x33.jpg 50w\" sizes=\"(max-width: 640px) 100vw, 640px\" \/><\/p>\n<\/div><\/div><\/div><\/div><div id=\"pg-514-3\"  class=\"panel-grid panel-has-style\" ><div class=\"panel-row-style panel-row-style-for-514-3\" ><div id=\"pgc-514-3-0\"  class=\"panel-grid-cell\" ><div id=\"panel-514-3-0-0\" class=\"so-panel widget widget_black-studio-tinymce widget_black_studio_tinymce panel-first-child panel-last-child\" data-index=\"6\" ><div class=\"textwidget\"><p><span class=\"\" style=\"display:block;clear:both;height: 0px;padding-top: 700px;border-top-width:0px;border-bottom-width:0px;\"><\/span><\/p>\n<\/div><\/div><\/div><\/div><\/div><\/div>","protected":false},"excerpt":{"rendered":"<p>En pleine saison, plus de 150 000 abeilles iront butiner les alentours du site de Bosch \u00e0 Mondeville. Elles travailleront donc activement \u00e0 l&rsquo;am\u00e9lioration de la biodiversit\u00e9 environnante ! C&rsquo;est un engagement fort de l&rsquo;entreprise Bosh, pour la survie des abeilles et l&rsquo;apiculture locale.\u00a0En effet, en France, depuis 1995, pr\u00e8s de 30 % des colonies<a href=\"https:\/\/uibie.com\/index.php\/ruches-bosch\/\">[&#8230;]<\/a><\/p>\n","protected":false},"author":1,"featured_media":521,"parent":0,"menu_order":0,"comment_status":"closed","ping_status":"closed","template":"template-fullwidth.php","meta":{"footnotes":""},"class_list":["post-514","page","type-page","status-publish","has-post-thumbnail","hentry"],"wppr_data":{"cwp_meta_box_check":"No"},"yoast_head":"<!-- This site is optimized with the Yoast SEO plugin v24.0 - https:\/\/yoast.com\/wordpress\/plugins\/seo\/ -->\n<title>Des ruches chez Bosch \u00e0 Mondeville pour am\u00e9liorer la biodiversit\u00e9 !<\/title>\n<meta name=\"description\" content=\"En pleine saison, plus de 150 000 abeilles iront butiner les alentours du site de Bosch \u00e0 Mondeville et travailleront en faveur de la biodiversit\u00e9 !\" \/>\n<meta name=\"robots\" content=\"index, follow, max-snippet:-1, max-image-preview:large, max-video-preview:-1\" \/>\n<link rel=\"canonical\" href=\"https:\/\/uibie.com\/index.php\/ruches-bosch\/\" \/>\n<meta property=\"og:locale\" content=\"fr_FR\" \/>\n<meta property=\"og:type\" content=\"article\" \/>\n<meta property=\"og:title\" content=\"Des ruches chez Bosch \u00e0 Mondeville pour am\u00e9liorer la biodiversit\u00e9 !\" \/>\n<meta property=\"og:description\" content=\"En pleine saison, plus de 150 000 abeilles iront butiner les alentours du site de Bosch \u00e0 Mondeville et travailleront en faveur de la biodiversit\u00e9 !\" \/>\n<meta property=\"og:url\" content=\"https:\/\/uibie.com\/index.php\/ruches-bosch\/\" \/>\n<meta property=\"og:site_name\" content=\"Uibie\" \/>\n<meta property=\"article:publisher\" content=\"https:\/\/www.facebook.com\/uibieapiculture\/\" \/>\n<meta property=\"article:modified_time\" content=\"2021-01-21T22:41:49+00:00\" \/>\n<meta property=\"og:image\" content=\"https:\/\/uibie.com\/wp-content\/uploads\/2017\/05\/DSC_0146.jpg\" \/>\n\t<meta property=\"og:image:width\" content=\"6016\" \/>\n\t<meta property=\"og:image:height\" content=\"4000\" \/>\n\t<meta property=\"og:image:type\" content=\"image\/jpeg\" \/>\n<meta name=\"twitter:card\" content=\"summary_large_image\" \/>\n<meta name=\"twitter:label1\" content=\"Dur\u00e9e de lecture estim\u00e9e\" \/>\n\t<meta name=\"twitter:data1\" content=\"2 minutes\" \/>\n<script type=\"application\/ld+json\" class=\"yoast-schema-graph\">{\"@context\":\"https:\/\/schema.org\",\"@graph\":[{\"@type\":\"WebPage\",\"@id\":\"https:\/\/uibie.com\/index.php\/ruches-bosch\/\",\"url\":\"https:\/\/uibie.com\/index.php\/ruches-bosch\/\",\"name\":\"Des ruches chez Bosch \u00e0 Mondeville pour am\u00e9liorer la biodiversit\u00e9 !\",\"isPartOf\":{\"@id\":\"https:\/\/uibie.com\/#website\"},\"primaryImageOfPage\":{\"@id\":\"https:\/\/uibie.com\/index.php\/ruches-bosch\/#primaryimage\"},\"image\":{\"@id\":\"https:\/\/uibie.com\/index.php\/ruches-bosch\/#primaryimage\"},\"thumbnailUrl\":\"https:\/\/uibie.com\/wp-content\/uploads\/2017\/05\/DSC_0146.jpg\",\"datePublished\":\"2017-05-15T19:13:55+00:00\",\"dateModified\":\"2021-01-21T22:41:49+00:00\",\"description\":\"En pleine saison, plus de 150 000 abeilles iront butiner les alentours du site de Bosch \u00e0 Mondeville et travailleront en faveur de la biodiversit\u00e9 !\",\"breadcrumb\":{\"@id\":\"https:\/\/uibie.com\/index.php\/ruches-bosch\/#breadcrumb\"},\"inLanguage\":\"fr-FR\",\"potentialAction\":[{\"@type\":\"ReadAction\",\"target\":[\"https:\/\/uibie.com\/index.php\/ruches-bosch\/\"]}]},{\"@type\":\"ImageObject\",\"inLanguage\":\"fr-FR\",\"@id\":\"https:\/\/uibie.com\/index.php\/ruches-bosch\/#primaryimage\",\"url\":\"https:\/\/uibie.com\/wp-content\/uploads\/2017\/05\/DSC_0146.jpg\",\"contentUrl\":\"https:\/\/uibie.com\/wp-content\/uploads\/2017\/05\/DSC_0146.jpg\",\"width\":6016,\"height\":4000,\"caption\":\"Abeilles Bosch\"},{\"@type\":\"BreadcrumbList\",\"@id\":\"https:\/\/uibie.com\/index.php\/ruches-bosch\/#breadcrumb\",\"itemListElement\":[{\"@type\":\"ListItem\",\"position\":1,\"name\":\"Accueil\",\"item\":\"https:\/\/uibie.com\/\"},{\"@type\":\"ListItem\",\"position\":2,\"name\":\"Bosch\"}]},{\"@type\":\"WebSite\",\"@id\":\"https:\/\/uibie.com\/#website\",\"url\":\"https:\/\/uibie.com\/\",\"name\":\"Uibie\",\"description\":\"L&#039;apiculture avec Jason Garitan\",\"publisher\":{\"@id\":\"https:\/\/uibie.com\/#organization\"},\"potentialAction\":[{\"@type\":\"SearchAction\",\"target\":{\"@type\":\"EntryPoint\",\"urlTemplate\":\"https:\/\/uibie.com\/?s={search_term_string}\"},\"query-input\":{\"@type\":\"PropertyValueSpecification\",\"valueRequired\":true,\"valueName\":\"search_term_string\"}}],\"inLanguage\":\"fr-FR\"},{\"@type\":\"Organization\",\"@id\":\"https:\/\/uibie.com\/#organization\",\"name\":\"Uibie : apiculture urbaine avec Jason Garitan\",\"url\":\"https:\/\/uibie.com\/\",\"logo\":{\"@type\":\"ImageObject\",\"inLanguage\":\"fr-FR\",\"@id\":\"https:\/\/uibie.com\/#\/schema\/logo\/image\/\",\"url\":\"https:\/\/uibie.com\/wp-content\/uploads\/2017\/07\/Uibie_FB_Pro1.png\",\"contentUrl\":\"https:\/\/uibie.com\/wp-content\/uploads\/2017\/07\/Uibie_FB_Pro1.png\",\"width\":400,\"height\":400,\"caption\":\"Uibie : apiculture urbaine avec Jason Garitan\"},\"image\":{\"@id\":\"https:\/\/uibie.com\/#\/schema\/logo\/image\/\"},\"sameAs\":[\"https:\/\/www.facebook.com\/uibieapiculture\/\",\"https:\/\/www.instagram.com\/uibieapiculture\/\",\"https:\/\/fr.linkedin.com\/in\/jason-garitan-94a23a135\"]}]}<\/script>\n<!-- \/ Yoast SEO plugin. -->","yoast_head_json":{"title":"Des ruches chez Bosch \u00e0 Mondeville pour am\u00e9liorer la biodiversit\u00e9 !","description":"En pleine saison, plus de 150 000 abeilles iront butiner les alentours du site de Bosch \u00e0 Mondeville et travailleront en faveur de la biodiversit\u00e9 !","robots":{"index":"index","follow":"follow","max-snippet":"max-snippet:-1","max-image-preview":"max-image-preview:large","max-video-preview":"max-video-preview:-1"},"canonical":"https:\/\/uibie.com\/index.php\/ruches-bosch\/","og_locale":"fr_FR","og_type":"article","og_title":"Des ruches chez Bosch \u00e0 Mondeville pour am\u00e9liorer la biodiversit\u00e9 !","og_description":"En pleine saison, plus de 150 000 abeilles iront butiner les alentours du site de Bosch \u00e0 Mondeville et travailleront en faveur de la biodiversit\u00e9 !","og_url":"https:\/\/uibie.com\/index.php\/ruches-bosch\/","og_site_name":"Uibie","article_publisher":"https:\/\/www.facebook.com\/uibieapiculture\/","article_modified_time":"2021-01-21T22:41:49+00:00","og_image":[{"width":6016,"height":4000,"url":"https:\/\/uibie.com\/wp-content\/uploads\/2017\/05\/DSC_0146.jpg","type":"image\/jpeg"}],"twitter_card":"summary_large_image","twitter_misc":{"Dur\u00e9e de lecture estim\u00e9e":"2 minutes"},"schema":{"@context":"https:\/\/schema.org","@graph":[{"@type":"WebPage","@id":"https:\/\/uibie.com\/index.php\/ruches-bosch\/","url":"https:\/\/uibie.com\/index.php\/ruches-bosch\/","name":"Des ruches chez Bosch \u00e0 Mondeville pour am\u00e9liorer la biodiversit\u00e9 !","isPartOf":{"@id":"https:\/\/uibie.com\/#website"},"primaryImageOfPage":{"@id":"https:\/\/uibie.com\/index.php\/ruches-bosch\/#primaryimage"},"image":{"@id":"https:\/\/uibie.com\/index.php\/ruches-bosch\/#primaryimage"},"thumbnailUrl":"https:\/\/uibie.com\/wp-content\/uploads\/2017\/05\/DSC_0146.jpg","datePublished":"2017-05-15T19:13:55+00:00","dateModified":"2021-01-21T22:41:49+00:00","description":"En pleine saison, plus de 150 000 abeilles iront butiner les alentours du site de Bosch \u00e0 Mondeville et travailleront en faveur de la biodiversit\u00e9 !","breadcrumb":{"@id":"https:\/\/uibie.com\/index.php\/ruches-bosch\/#breadcrumb"},"inLanguage":"fr-FR","potentialAction":[{"@type":"ReadAction","target":["https:\/\/uibie.com\/index.php\/ruches-bosch\/"]}]},{"@type":"ImageObject","inLanguage":"fr-FR","@id":"https:\/\/uibie.com\/index.php\/ruches-bosch\/#primaryimage","url":"https:\/\/uibie.com\/wp-content\/uploads\/2017\/05\/DSC_0146.jpg","contentUrl":"https:\/\/uibie.com\/wp-content\/uploads\/2017\/05\/DSC_0146.jpg","width":6016,"height":4000,"caption":"Abeilles Bosch"},{"@type":"BreadcrumbList","@id":"https:\/\/uibie.com\/index.php\/ruches-bosch\/#breadcrumb","itemListElement":[{"@type":"ListItem","position":1,"name":"Accueil","item":"https:\/\/uibie.com\/"},{"@type":"ListItem","position":2,"name":"Bosch"}]},{"@type":"WebSite","@id":"https:\/\/uibie.com\/#website","url":"https:\/\/uibie.com\/","name":"Uibie","description":"L&#039;apiculture avec Jason Garitan","publisher":{"@id":"https:\/\/uibie.com\/#organization"},"potentialAction":[{"@type":"SearchAction","target":{"@type":"EntryPoint","urlTemplate":"https:\/\/uibie.com\/?s={search_term_string}"},"query-input":{"@type":"PropertyValueSpecification","valueRequired":true,"valueName":"search_term_string"}}],"inLanguage":"fr-FR"},{"@type":"Organization","@id":"https:\/\/uibie.com\/#organization","name":"Uibie : apiculture urbaine avec Jason Garitan","url":"https:\/\/uibie.com\/","logo":{"@type":"ImageObject","inLanguage":"fr-FR","@id":"https:\/\/uibie.com\/#\/schema\/logo\/image\/","url":"https:\/\/uibie.com\/wp-content\/uploads\/2017\/07\/Uibie_FB_Pro1.png","contentUrl":"https:\/\/uibie.com\/wp-content\/uploads\/2017\/07\/Uibie_FB_Pro1.png","width":400,"height":400,"caption":"Uibie : apiculture urbaine avec Jason Garitan"},"image":{"@id":"https:\/\/uibie.com\/#\/schema\/logo\/image\/"},"sameAs":["https:\/\/www.facebook.com\/uibieapiculture\/","https:\/\/www.instagram.com\/uibieapiculture\/","https:\/\/fr.linkedin.com\/in\/jason-garitan-94a23a135"]}]}},"jetpack_sharing_enabled":true,"_links":{"self":[{"href":"https:\/\/uibie.com\/index.php\/wp-json\/wp\/v2\/pages\/514"}],"collection":[{"href":"https:\/\/uibie.com\/index.php\/wp-json\/wp\/v2\/pages"}],"about":[{"href":"https:\/\/uibie.com\/index.php\/wp-json\/wp\/v2\/types\/page"}],"author":[{"embeddable":true,"href":"https:\/\/uibie.com\/index.php\/wp-json\/wp\/v2\/users\/1"}],"replies":[{"embeddable":true,"href":"https:\/\/uibie.com\/index.php\/wp-json\/wp\/v2\/comments?post=514"}],"version-history":[{"count":15,"href":"https:\/\/uibie.com\/index.php\/wp-json\/wp\/v2\/pages\/514\/revisions"}],"predecessor-version":[{"id":7676,"href":"https:\/\/uibie.com\/index.php\/wp-json\/wp\/v2\/pages\/514\/revisions\/7676"}],"wp:featuredmedia":[{"embeddable":true,"href":"https:\/\/uibie.com\/index.php\/wp-json\/wp\/v2\/media\/521"}],"wp:attachment":[{"href":"https:\/\/uibie.com\/index.php\/wp-json\/wp\/v2\/media?parent=514"}],"curies":[{"name":"wp","href":"https:\/\/api.w.org\/{rel}","templated":true}]}}