{"id":432,"date":"2017-03-08T14:37:56","date_gmt":"2017-03-08T13:37:56","guid":{"rendered":"https:\/\/uibie.com\/?page_id=432"},"modified":"2025-11-17T17:17:38","modified_gmt":"2025-11-17T16:17:38","slug":"formation-apicole","status":"publish","type":"page","link":"https:\/\/uibie.com\/index.php\/formation-apicole\/","title":{"rendered":"Oser se lancer en apiculture &#8211; Conduire avec succ\u00e8s son premier rucher"},"content":{"rendered":"<div id=\"pl-432\"  class=\"panel-layout\" ><div id=\"pg-432-0\"  class=\"panel-grid panel-has-style\" ><div class=\"siteorigin-panels-stretch panel-row-style panel-row-style-for-432-0\" data-stretch-type=\"full\" ><div id=\"pgc-432-0-0\"  class=\"panel-grid-cell\" ><div id=\"panel-432-0-0-0\" class=\"so-panel widget widget_black-studio-tinymce widget_black_studio_tinymce panel-first-child panel-last-child\" data-index=\"0\" ><div class=\"textwidget\"><p><img loading=\"lazy\" decoding=\"async\" class=\"aligncenter wp-image-8703 size-medium\" src=\"https:\/\/uibie.com\/wp-content\/uploads\/2024\/12\/Une-abeille-qui-butine-une-fleur_1861508912158158850-300x300.jpg\" alt=\"Une abeille qui butine une fleur\" width=\"300\" height=\"300\" srcset=\"https:\/\/uibie.com\/wp-content\/uploads\/2024\/12\/Une-abeille-qui-butine-une-fleur_1861508912158158850-300x300.jpg 300w, https:\/\/uibie.com\/wp-content\/uploads\/2024\/12\/Une-abeille-qui-butine-une-fleur_1861508912158158850-150x150.jpg 150w, https:\/\/uibie.com\/wp-content\/uploads\/2024\/12\/Une-abeille-qui-butine-une-fleur_1861508912158158850-50x50.jpg 50w, https:\/\/uibie.com\/wp-content\/uploads\/2024\/12\/Une-abeille-qui-butine-une-fleur_1861508912158158850-73x73.jpg 73w, https:\/\/uibie.com\/wp-content\/uploads\/2024\/12\/Une-abeille-qui-butine-une-fleur_1861508912158158850-174x174.jpg 174w, https:\/\/uibie.com\/wp-content\/uploads\/2024\/12\/Une-abeille-qui-butine-une-fleur_1861508912158158850-250x250.jpg 250w, https:\/\/uibie.com\/wp-content\/uploads\/2024\/12\/Une-abeille-qui-butine-une-fleur_1861508912158158850-165x165.jpg 165w, https:\/\/uibie.com\/wp-content\/uploads\/2024\/12\/Une-abeille-qui-butine-une-fleur_1861508912158158850.jpg 700w\" sizes=\"(max-width: 300px) 100vw, 300px\" \/><\/p>\n<\/div><\/div><\/div><div id=\"pgc-432-0-1\"  class=\"panel-grid-cell\" ><div id=\"panel-432-0-1-0\" class=\"so-panel widget widget_black-studio-tinymce widget_black_studio_tinymce panel-first-child panel-last-child\" data-index=\"1\" ><div class=\"textwidget\"><p><img loading=\"lazy\" decoding=\"async\" class=\"aligncenter wp-image-8704 size-full\" src=\"https:\/\/uibie.com\/wp-content\/uploads\/2024\/12\/groupe-api-uibie-e1733242619379.jpg\" alt=\"Groupe d'apiculteurs en formation\" width=\"300\" height=\"300\" srcset=\"https:\/\/uibie.com\/wp-content\/uploads\/2024\/12\/groupe-api-uibie-e1733242619379.jpg 300w, https:\/\/uibie.com\/wp-content\/uploads\/2024\/12\/groupe-api-uibie-e1733242619379-150x150.jpg 150w, https:\/\/uibie.com\/wp-content\/uploads\/2024\/12\/groupe-api-uibie-e1733242619379-50x50.jpg 50w, https:\/\/uibie.com\/wp-content\/uploads\/2024\/12\/groupe-api-uibie-e1733242619379-73x73.jpg 73w, https:\/\/uibie.com\/wp-content\/uploads\/2024\/12\/groupe-api-uibie-e1733242619379-174x174.jpg 174w, https:\/\/uibie.com\/wp-content\/uploads\/2024\/12\/groupe-api-uibie-e1733242619379-250x250.jpg 250w, https:\/\/uibie.com\/wp-content\/uploads\/2024\/12\/groupe-api-uibie-e1733242619379-165x165.jpg 165w\" sizes=\"(max-width: 300px) 100vw, 300px\" \/><\/p>\n<\/div><\/div><\/div><div id=\"pgc-432-0-2\"  class=\"panel-grid-cell\" ><div id=\"panel-432-0-2-0\" class=\"so-panel widget widget_black-studio-tinymce widget_black_studio_tinymce panel-first-child panel-last-child\" data-index=\"2\" ><div class=\"textwidget\"><p><img loading=\"lazy\" decoding=\"async\" class=\"aligncenter wp-image-8706 size-medium\" src=\"https:\/\/uibie.com\/wp-content\/uploads\/2024\/12\/Pot-de-miel-sans-etiquette-sur-une-ruche-300x300.jpg\" alt=\"Formation Uibie\" width=\"300\" height=\"300\" srcset=\"https:\/\/uibie.com\/wp-content\/uploads\/2024\/12\/Pot-de-miel-sans-etiquette-sur-une-ruche-300x300.jpg 300w, https:\/\/uibie.com\/wp-content\/uploads\/2024\/12\/Pot-de-miel-sans-etiquette-sur-une-ruche-150x150.jpg 150w, https:\/\/uibie.com\/wp-content\/uploads\/2024\/12\/Pot-de-miel-sans-etiquette-sur-une-ruche-50x50.jpg 50w, https:\/\/uibie.com\/wp-content\/uploads\/2024\/12\/Pot-de-miel-sans-etiquette-sur-une-ruche-73x73.jpg 73w, https:\/\/uibie.com\/wp-content\/uploads\/2024\/12\/Pot-de-miel-sans-etiquette-sur-une-ruche-174x174.jpg 174w, https:\/\/uibie.com\/wp-content\/uploads\/2024\/12\/Pot-de-miel-sans-etiquette-sur-une-ruche-250x250.jpg 250w, https:\/\/uibie.com\/wp-content\/uploads\/2024\/12\/Pot-de-miel-sans-etiquette-sur-une-ruche-165x165.jpg 165w, https:\/\/uibie.com\/wp-content\/uploads\/2024\/12\/Pot-de-miel-sans-etiquette-sur-une-ruche.jpg 700w\" sizes=\"(max-width: 300px) 100vw, 300px\" \/><\/p>\n<\/div><\/div><\/div><\/div><\/div><div id=\"pg-432-1\"  class=\"panel-grid panel-no-style\" ><div id=\"pgc-432-1-0\"  class=\"panel-grid-cell\" ><div id=\"panel-432-1-0-0\" class=\"so-panel widget widget_black-studio-tinymce widget_black_studio_tinymce panel-first-child panel-last-child\" data-index=\"3\" ><div class=\"textwidget\"><p><span class=\"\" style=\"display:block;clear:both;height: 0px;padding-top: 90px;border-top-width:0px;border-bottom-width:0px;\"><\/span><img loading=\"lazy\" decoding=\"async\" class=\"size-full wp-image-454 aligncenter\" src=\"https:\/\/uibie.com\/wp-content\/uploads\/2017\/03\/Uibie-Pictos-04.png\" alt=\"abeilles Caen\" width=\"100\" height=\"100\" srcset=\"https:\/\/uibie.com\/wp-content\/uploads\/2017\/03\/Uibie-Pictos-04.png 100w, https:\/\/uibie.com\/wp-content\/uploads\/2017\/03\/Uibie-Pictos-04-73x73.png 73w, https:\/\/uibie.com\/wp-content\/uploads\/2017\/03\/Uibie-Pictos-04-50x50.png 50w\" sizes=\"(max-width: 100px) 100vw, 100px\" \/><\/p>\n<\/div><\/div><\/div><div id=\"pgc-432-1-1\"  class=\"panel-grid-cell\" ><div id=\"panel-432-1-1-0\" class=\"so-panel widget widget_black-studio-tinymce widget_black_studio_tinymce panel-first-child panel-last-child\" data-index=\"4\" ><h3 class=\"widget-title\">Formation en apiculture pour d\u00e9butant<\/h3><div class=\"textwidget\"><p style=\"font-weight: 400;\">\u00cates-vous int\u00e9ress\u00e9 par la vie des abeilles, cet insecte fascinant et merveilleux ? Alors franchissez le pas !\u00a0<strong>Devenez apiculteur\u00a0!<\/strong><\/p>\n<p style=\"font-weight: 400;\">Profitez de notre parcours de formation anim\u00e9 par un formateur exp\u00e9riment\u00e9.<\/p>\n<p style=\"font-weight: 400;\">Quel plaisir d\u2019observer les abeilles de votre rucher, de connaitre les interventions \u00e0 r\u00e9aliser et de d\u00e9guster votre propre miel. Devenez enfin un ardent d\u00e9fenseur de la biodiversit\u00e9\u00a0!<\/p>\n<\/div><\/div><\/div><div id=\"pgc-432-1-2\"  class=\"panel-grid-cell\" ><div id=\"panel-432-1-2-0\" class=\"so-panel widget widget_black-studio-tinymce widget_black_studio_tinymce panel-first-child panel-last-child\" data-index=\"5\" ><div class=\"textwidget\"><p><span class=\"\" style=\"display:block;clear:both;height: 0px;padding-top: 90px;border-top-width:0px;border-bottom-width:0px;\"><\/span><img loading=\"lazy\" decoding=\"async\" class=\"size-full wp-image-454 aligncenter\" src=\"https:\/\/uibie.com\/wp-content\/uploads\/2017\/03\/Uibie-Pictos-04.png\" alt=\"abeilles Caen\" width=\"100\" height=\"100\" srcset=\"https:\/\/uibie.com\/wp-content\/uploads\/2017\/03\/Uibie-Pictos-04.png 100w, https:\/\/uibie.com\/wp-content\/uploads\/2017\/03\/Uibie-Pictos-04-73x73.png 73w, https:\/\/uibie.com\/wp-content\/uploads\/2017\/03\/Uibie-Pictos-04-50x50.png 50w\" sizes=\"(max-width: 100px) 100vw, 100px\" \/><\/p>\n<\/div><\/div><\/div><\/div><div id=\"pg-432-2\"  class=\"panel-grid panel-no-style\" ><div id=\"pgc-432-2-0\"  class=\"panel-grid-cell\" ><div id=\"panel-432-2-0-0\" class=\"so-panel widget widget_black-studio-tinymce widget_black_studio_tinymce panel-first-child\" data-index=\"6\" ><h3 class=\"widget-title\">D\u00e9roulement de la formation<\/h3><div class=\"textwidget\"><p style=\"font-weight: 400;\">Dans un premier temps, vous recevrez un\u00a0<strong>manuel complet de 180 pages<\/strong> qui vous permettra d\u2019aller \u00e0 l\u2019essentiel sur l'ensemble des th\u00e8mes \u00e0 connaitre. Dominique Garitan en est l'auteur et pourra r\u00e9pondre \u00e0 vos questions. <strong>Le support papier est compl\u00e9t\u00e9 par un acc\u00e8s vers des \u00ab\u00a0liens utiles\u00a0\u00bb depuis notre site internet.<\/strong><\/p>\n<p>Ensuite, <strong>des visioconf\u00e9rences<\/strong> vous permettront d'\u00e9changer avec Dominique Garitan et d'autres participants.<\/p>\n<p style=\"font-weight: 400;\">Enfin, <strong>2 journ\u00e9es de mise en situation (tutorat)<\/strong> vous permettront d\u2019acqu\u00e9rir un savoir-faire et de gagner en autonomie. Ces journ\u00e9es se d\u00e9roulent \u00e0 <a href=\"https:\/\/www.google.fr\/maps\/place\/Clinchamps-sur-Orne\/@49.120454,-0.4413038,11.96z\/data=!4m5!3m4!1s0x480a411e1e62beb1:0x40c14484fbcf4c0!8m2!3d49.080002!4d-0.40106\" target=\"_blank\" rel=\"noopener\">Clinchamps-sur-Orne<\/a>.<\/p>\n<p style=\"font-weight: 400;\">Vous saurez alors quels sont les \u00e9quipements n\u00e9cessaires et pourrez enfin acqu\u00e9rir\u00a0<strong>vos premiers essaims, \u00e0 partir de nos colonies d\u2019abeilles<\/strong>.<\/p>\n<p style=\"font-weight: 400;\">Tout au long d\u2019une campagne apicole, vous serez accompagn\u00e9 \u00e0 chaque \u00e9tape, depuis les premiers beaux jours d\u2019avril jusqu\u2019\u00e0 la pr\u00e9paration de l\u2019hivernage.<\/p>\n<p style=\"font-weight: 400;\">Remarque : notre formation est\u00a0<strong>\u00e9ligible au CPF<\/strong>\u00a0et peut donc \u00eatre prise en charge dans le cadre de la\u00a0<strong>formation professionnelle<\/strong>.<\/p>\n<\/div><\/div><div id=\"panel-432-2-0-1\" class=\"so-panel widget widget_black-studio-tinymce widget_black_studio_tinymce\" data-index=\"7\" ><h3 class=\"widget-title\">Gr\u00e2ce \u00e0 cette formation<\/h3><div class=\"textwidget\"><ul>\n<li>B\u00e9n\u00e9ficiez d'un <strong>accompagnement complet\u00a0<\/strong>sur une saison enti\u00e8re.<\/li>\n<li>Devenez plus vite <strong>autonome.<\/strong><\/li>\n<li>Soyez certains d'<strong>obtenir vos premiers essaims<\/strong>, en temps voulu.<\/li>\n<li>B\u00e9n\u00e9ficiez plus <strong>rapidement d\u2019un retour sur les investissements\u00a0<\/strong>de la premi\u00e8re ann\u00e9e.<\/li>\n<\/ul>\n<\/div><\/div><div id=\"panel-432-2-0-2\" class=\"so-panel widget widget_black-studio-tinymce widget_black_studio_tinymce panel-last-child\" data-index=\"8\" ><h3 class=\"widget-title\">Tarifs 2026<\/h3><div class=\"textwidget\"><h4 style=\"text-align: left;\"><strong>D\u00e9marche personnelle d'un particulier : 300 \u20ac TTC<\/strong> la formation<\/h4>\n<h4 style=\"text-align: left;\"><strong>Entreprise :<\/strong> formation \u00e9ligible au C.P.F. (Compte Personnel de Formation). Conditions tarifaires et instruction du dossier diff\u00e9rentes : <strong>nous contacter 06 80 32 71 63 <\/strong><\/h4>\n<p>Cette formation est pr\u00e9sent\u00e9e sur le site \"<strong><a href=\"https:\/\/www.moncompteformation.gouv.fr\/espace-prive\/html\/#\/\">mon compte formation<\/a><\/strong>\" qui permet d'utiliser votre <strong>cr\u00e9dit CPF<\/strong> (Compte Personnel de Formation). Dans le menu \"<strong>Rechercher une formation<\/strong>\", tapez le mot cl\u00e9 \"<strong>apiculture<\/strong>\" et dans \"<strong>localisation<\/strong>\" s\u00e9lectionnez \"<strong>En pr\u00e9sentiel<\/strong>\" (la formation est <strong>localis\u00e9e dans le Calvados (d\u00e9p. 14) mais elle int\u00e8gre en fait une partie \u00e0 distance et une partie pratique avec un apiculteur<\/strong>). La formation est alors pr\u00e9sent\u00e9e sous le nom \"<strong><a href=\"https:\/\/www.moncompteformation.gouv.fr\/espace-prive\/html\/#\/formation\/recherche\/19141112300018_Apiculture_LeRobillard\/19141112300018_Apiculture_UCARE?contexteFormation=ACTIVITE_PROFESSIONNELLE\">Conduire un rucher de moins de 30 ruches<\/a><\/strong>\". Cette formation est organis\u00e9e par le CFPPA du Robillard, rattach\u00e9 au Lyc\u00e9e Agricole du Robillard.<\/p>\n<p>&nbsp;<\/p>\n<p style=\"text-align: center;\">\n<\/div><\/div><\/div><div id=\"pgc-432-2-1\"  class=\"panel-grid-cell panel-grid-cell-empty\" ><\/div><div id=\"pgc-432-2-2\"  class=\"panel-grid-cell\" ><div id=\"panel-432-2-2-0\" class=\"so-panel widget widget_black-studio-tinymce widget_black_studio_tinymce panel-first-child\" data-index=\"9\" ><h3 class=\"widget-title\">Objectifs et contenus<\/h3><div class=\"textwidget\"><p><strong>Objectif g\u00e9n\u00e9ral\u00a0: <\/strong> Acqu\u00e9rir les connaissances n\u00e9cessaires \u00e0 la mise en place et la conduite d\u2019un rucher. <strong>Objectifs p\u00e9dagogiques\u00a0:<\/strong><\/p>\n<ul>\n<li>Recenser le n\u00e9cessaire pour se lancer : d\u00e9marches, \u00e9quipements.<\/li>\n<li>Pr\u00e9parer la saison apicole : emplacement, mat\u00e9riels, acquisition d\u2019essaims.<\/li>\n<li>Appr\u00e9cier la qualit\u00e9 et l\u2019\u00e9tat de d\u00e9veloppement d\u2019une colonie : \u00e9tat sanitaire, choix d\u2019interventions possibles.<\/li>\n<li>R\u00e9aliser les gestes pratiques adapt\u00e9s \u00e0 chaque situation et correspondant \u00e0 chacune des saisons : r\u00e9colte, multiplication des colonies, maintien d\u2019un bon \u00e9tat sanitaire.<\/li>\n<\/ul>\n<p><strong>T\u00e9l\u00e9chargez le <a href=\"https:\/\/uibie.com\/wp-content\/uploads\/2021\/04\/Sommaire-manuel_2021-04-10.pdf\">plan du manuel<\/a><\/strong> <strong>T\u00e9l\u00e9chargez la page des <a href=\"https:\/\/uibie.com\/wp-content\/uploads\/2021\/04\/Liens-hypertextes-lintegrale-et-original.pdf\">liens utiles<\/a><\/strong> (document en compl\u00e9ment du manuel).<\/p>\n<\/div><\/div><div id=\"panel-432-2-2-1\" class=\"so-panel widget widget_black-studio-tinymce widget_black_studio_tinymce\" data-index=\"10\" ><h3 class=\"widget-title\">En pratique :<\/h3><div class=\"textwidget\"><p>Un <strong>manuel d\u00e9taill\u00e9 de 185 pages<\/strong> permet d'acqu\u00e9rir les connaissances de base.<\/p>\n<p><strong>7 s\u00e9ances de visioconf\u00e9rence collectives<\/strong> pour r\u00e9pondre aux questions et progresser en groupe :<\/p>\n<ul>\n<li>Samedis 25 oct, 29 nov, 24 janv, 28 f\u00e9vr, 28 mars, 25 avril, 20 juin (\u00e0 partir de 10:30 et d'une dur\u00e9e d'1 heure).<\/li>\n<\/ul>\n<p><strong>2 journ\u00e9es enti\u00e8res de mise en pratique<\/strong> sur notre rucher :<\/p>\n<ul>\n<li>groupe 1 : <strong>vendredi 27 mars et vendredi 10 avril 2026<\/strong><\/li>\n<li>groupe 2 : <strong>vendredis 05 et 12 juin 2026<\/strong><\/li>\n<\/ul>\n<p style=\"text-align: center;\">\u00e0 Percouville - 14320 <a href=\"https:\/\/www.google.fr\/maps\/place\/Clinchamps-sur-Orne\/@49.120454,-0.4413038,11.96z\/data=!4m5!3m4!1s0x480a411e1e62beb1:0x40c14484fbcf4c0!8m2!3d49.080002!4d-0.40106\" target=\"_blank\" rel=\"noopener\">Clinchamps sur Orne<\/a><\/p>\n<ul>\n<li>Groupe de 4 (strict minimum) \u00e0 10 personnes<\/li>\n<\/ul>\n<\/div><\/div><div id=\"panel-432-2-2-2\" class=\"so-panel widget widget_black-studio-tinymce widget_black_studio_tinymce panel-last-child\" data-index=\"11\" ><h3 class=\"widget-title\">Inscription<\/h3><div class=\"textwidget\"><p>T\u00e9l\u00e9chargez la <strong><a href=\"https:\/\/uibie.com\/wp-content\/uploads\/2025\/09\/Fiche-recapitulative-et-bulletin-dinscription-avec-acompte-2026-1.pdf\">Fiche r\u00e9capitulative et bulletin d'inscription (2026)<\/a><\/strong> puis retournez le bulletin d'inscription par courrier postal \u00e0 l'adresse suivante :<\/p>\n<p style=\"text-align: center;\"><strong>Uibie<\/strong> 10 chemin de la Chesnaie - Percouville - 14 320 Clinchamps sur Orne<\/p>\n<\/div><\/div><\/div><\/div><\/div>","protected":false},"excerpt":{"rendered":"<p>\u00cates-vous int\u00e9ress\u00e9 par la vie des abeilles, cet insecte fascinant et merveilleux ? Alors franchissez le pas !\u00a0Devenez apiculteur\u00a0! Profitez de notre parcours de formation anim\u00e9 par un formateur exp\u00e9riment\u00e9. Quel plaisir d\u2019observer les abeilles de votre rucher, de connaitre les interventions \u00e0 r\u00e9aliser et de d\u00e9guster votre propre miel. Devenez enfin un ardent d\u00e9fenseur<a href=\"https:\/\/uibie.com\/index.php\/formation-apicole\/\">[&#8230;]<\/a><\/p>\n","protected":false},"author":1,"featured_media":1282,"parent":0,"menu_order":0,"comment_status":"closed","ping_status":"closed","template":"template-fullwidth.php","meta":{"footnotes":""},"class_list":["post-432","page","type-page","status-publish","has-post-thumbnail","hentry"],"wppr_data":{"cwp_meta_box_check":"No"},"yoast_head":"<!-- This site is optimized with the Yoast SEO plugin v24.0 - https:\/\/yoast.com\/wordpress\/plugins\/seo\/ -->\n<title>Formation apicole pour les d\u00e9butants int\u00e9ress\u00e9s par la vie des abeilles !<\/title>\n<meta name=\"description\" content=\"\u00cates-vous vraiment int\u00e9ress\u00e9 par la vie des abeilles, cet insecte fascinant et merveilleux ? Alors franchissez le pas ! Devenez apiculteur !\" \/>\n<meta name=\"robots\" content=\"index, follow, max-snippet:-1, max-image-preview:large, max-video-preview:-1\" \/>\n<link rel=\"canonical\" href=\"https:\/\/uibie.com\/index.php\/formation-apicole\/\" \/>\n<meta property=\"og:locale\" content=\"fr_FR\" \/>\n<meta property=\"og:type\" content=\"article\" \/>\n<meta property=\"og:title\" content=\"Formation apicole pour les d\u00e9butants int\u00e9ress\u00e9s par la vie des abeilles !\" \/>\n<meta property=\"og:description\" content=\"\u00cates-vous vraiment int\u00e9ress\u00e9 par la vie des abeilles, cet insecte fascinant et merveilleux ? Alors franchissez le pas ! Devenez apiculteur !\" \/>\n<meta property=\"og:url\" content=\"https:\/\/uibie.com\/index.php\/formation-apicole\/\" \/>\n<meta property=\"og:site_name\" content=\"Uibie\" \/>\n<meta property=\"article:publisher\" content=\"https:\/\/www.facebook.com\/uibieapiculture\/\" \/>\n<meta property=\"article:modified_time\" content=\"2025-11-17T16:17:38+00:00\" \/>\n<meta property=\"og:image\" content=\"https:\/\/uibie.com\/wp-content\/uploads\/2018\/01\/20170512_104934.jpg\" \/>\n\t<meta property=\"og:image:width\" content=\"5312\" \/>\n\t<meta property=\"og:image:height\" content=\"2988\" \/>\n\t<meta property=\"og:image:type\" content=\"image\/jpeg\" \/>\n<meta name=\"twitter:card\" content=\"summary_large_image\" \/>\n<meta name=\"twitter:label1\" content=\"Dur\u00e9e de lecture estim\u00e9e\" \/>\n\t<meta name=\"twitter:data1\" content=\"5 minutes\" \/>\n<script type=\"application\/ld+json\" class=\"yoast-schema-graph\">{\"@context\":\"https:\/\/schema.org\",\"@graph\":[{\"@type\":\"WebPage\",\"@id\":\"https:\/\/uibie.com\/index.php\/formation-apicole\/\",\"url\":\"https:\/\/uibie.com\/index.php\/formation-apicole\/\",\"name\":\"Formation apicole pour les d\u00e9butants int\u00e9ress\u00e9s par la vie des abeilles !\",\"isPartOf\":{\"@id\":\"https:\/\/uibie.com\/#website\"},\"primaryImageOfPage\":{\"@id\":\"https:\/\/uibie.com\/index.php\/formation-apicole\/#primaryimage\"},\"image\":{\"@id\":\"https:\/\/uibie.com\/index.php\/formation-apicole\/#primaryimage\"},\"thumbnailUrl\":\"https:\/\/uibie.com\/wp-content\/uploads\/2018\/01\/20170512_104934.jpg\",\"datePublished\":\"2017-03-08T13:37:56+00:00\",\"dateModified\":\"2025-11-17T16:17:38+00:00\",\"description\":\"\u00cates-vous vraiment int\u00e9ress\u00e9 par la vie des abeilles, cet insecte fascinant et merveilleux ? Alors franchissez le pas ! Devenez apiculteur !\",\"breadcrumb\":{\"@id\":\"https:\/\/uibie.com\/index.php\/formation-apicole\/#breadcrumb\"},\"inLanguage\":\"fr-FR\",\"potentialAction\":[{\"@type\":\"ReadAction\",\"target\":[\"https:\/\/uibie.com\/index.php\/formation-apicole\/\"]}]},{\"@type\":\"ImageObject\",\"inLanguage\":\"fr-FR\",\"@id\":\"https:\/\/uibie.com\/index.php\/formation-apicole\/#primaryimage\",\"url\":\"https:\/\/uibie.com\/wp-content\/uploads\/2018\/01\/20170512_104934.jpg\",\"contentUrl\":\"https:\/\/uibie.com\/wp-content\/uploads\/2018\/01\/20170512_104934.jpg\",\"width\":5312,\"height\":2988,\"caption\":\"manuel\"},{\"@type\":\"BreadcrumbList\",\"@id\":\"https:\/\/uibie.com\/index.php\/formation-apicole\/#breadcrumb\",\"itemListElement\":[{\"@type\":\"ListItem\",\"position\":1,\"name\":\"Accueil\",\"item\":\"https:\/\/uibie.com\/\"},{\"@type\":\"ListItem\",\"position\":2,\"name\":\"Oser se lancer en apiculture &#8211; Conduire avec succ\u00e8s son premier rucher\"}]},{\"@type\":\"WebSite\",\"@id\":\"https:\/\/uibie.com\/#website\",\"url\":\"https:\/\/uibie.com\/\",\"name\":\"Uibie\",\"description\":\"L&#039;apiculture avec Jason Garitan\",\"publisher\":{\"@id\":\"https:\/\/uibie.com\/#organization\"},\"potentialAction\":[{\"@type\":\"SearchAction\",\"target\":{\"@type\":\"EntryPoint\",\"urlTemplate\":\"https:\/\/uibie.com\/?s={search_term_string}\"},\"query-input\":{\"@type\":\"PropertyValueSpecification\",\"valueRequired\":true,\"valueName\":\"search_term_string\"}}],\"inLanguage\":\"fr-FR\"},{\"@type\":\"Organization\",\"@id\":\"https:\/\/uibie.com\/#organization\",\"name\":\"Uibie : apiculture urbaine avec Jason Garitan\",\"url\":\"https:\/\/uibie.com\/\",\"logo\":{\"@type\":\"ImageObject\",\"inLanguage\":\"fr-FR\",\"@id\":\"https:\/\/uibie.com\/#\/schema\/logo\/image\/\",\"url\":\"https:\/\/uibie.com\/wp-content\/uploads\/2017\/07\/Uibie_FB_Pro1.png\",\"contentUrl\":\"https:\/\/uibie.com\/wp-content\/uploads\/2017\/07\/Uibie_FB_Pro1.png\",\"width\":400,\"height\":400,\"caption\":\"Uibie : apiculture urbaine avec Jason Garitan\"},\"image\":{\"@id\":\"https:\/\/uibie.com\/#\/schema\/logo\/image\/\"},\"sameAs\":[\"https:\/\/www.facebook.com\/uibieapiculture\/\",\"https:\/\/www.instagram.com\/uibieapiculture\/\",\"https:\/\/fr.linkedin.com\/in\/jason-garitan-94a23a135\"]}]}<\/script>\n<!-- \/ Yoast SEO plugin. -->","yoast_head_json":{"title":"Formation apicole pour les d\u00e9butants int\u00e9ress\u00e9s par la vie des abeilles !","description":"\u00cates-vous vraiment int\u00e9ress\u00e9 par la vie des abeilles, cet insecte fascinant et merveilleux ? Alors franchissez le pas ! Devenez apiculteur !","robots":{"index":"index","follow":"follow","max-snippet":"max-snippet:-1","max-image-preview":"max-image-preview:large","max-video-preview":"max-video-preview:-1"},"canonical":"https:\/\/uibie.com\/index.php\/formation-apicole\/","og_locale":"fr_FR","og_type":"article","og_title":"Formation apicole pour les d\u00e9butants int\u00e9ress\u00e9s par la vie des abeilles !","og_description":"\u00cates-vous vraiment int\u00e9ress\u00e9 par la vie des abeilles, cet insecte fascinant et merveilleux ? Alors franchissez le pas ! Devenez apiculteur !","og_url":"https:\/\/uibie.com\/index.php\/formation-apicole\/","og_site_name":"Uibie","article_publisher":"https:\/\/www.facebook.com\/uibieapiculture\/","article_modified_time":"2025-11-17T16:17:38+00:00","og_image":[{"width":5312,"height":2988,"url":"https:\/\/uibie.com\/wp-content\/uploads\/2018\/01\/20170512_104934.jpg","type":"image\/jpeg"}],"twitter_card":"summary_large_image","twitter_misc":{"Dur\u00e9e de lecture estim\u00e9e":"5 minutes"},"schema":{"@context":"https:\/\/schema.org","@graph":[{"@type":"WebPage","@id":"https:\/\/uibie.com\/index.php\/formation-apicole\/","url":"https:\/\/uibie.com\/index.php\/formation-apicole\/","name":"Formation apicole pour les d\u00e9butants int\u00e9ress\u00e9s par la vie des abeilles !","isPartOf":{"@id":"https:\/\/uibie.com\/#website"},"primaryImageOfPage":{"@id":"https:\/\/uibie.com\/index.php\/formation-apicole\/#primaryimage"},"image":{"@id":"https:\/\/uibie.com\/index.php\/formation-apicole\/#primaryimage"},"thumbnailUrl":"https:\/\/uibie.com\/wp-content\/uploads\/2018\/01\/20170512_104934.jpg","datePublished":"2017-03-08T13:37:56+00:00","dateModified":"2025-11-17T16:17:38+00:00","description":"\u00cates-vous vraiment int\u00e9ress\u00e9 par la vie des abeilles, cet insecte fascinant et merveilleux ? Alors franchissez le pas ! Devenez apiculteur !","breadcrumb":{"@id":"https:\/\/uibie.com\/index.php\/formation-apicole\/#breadcrumb"},"inLanguage":"fr-FR","potentialAction":[{"@type":"ReadAction","target":["https:\/\/uibie.com\/index.php\/formation-apicole\/"]}]},{"@type":"ImageObject","inLanguage":"fr-FR","@id":"https:\/\/uibie.com\/index.php\/formation-apicole\/#primaryimage","url":"https:\/\/uibie.com\/wp-content\/uploads\/2018\/01\/20170512_104934.jpg","contentUrl":"https:\/\/uibie.com\/wp-content\/uploads\/2018\/01\/20170512_104934.jpg","width":5312,"height":2988,"caption":"manuel"},{"@type":"BreadcrumbList","@id":"https:\/\/uibie.com\/index.php\/formation-apicole\/#breadcrumb","itemListElement":[{"@type":"ListItem","position":1,"name":"Accueil","item":"https:\/\/uibie.com\/"},{"@type":"ListItem","position":2,"name":"Oser se lancer en apiculture &#8211; Conduire avec succ\u00e8s son premier rucher"}]},{"@type":"WebSite","@id":"https:\/\/uibie.com\/#website","url":"https:\/\/uibie.com\/","name":"Uibie","description":"L&#039;apiculture avec Jason Garitan","publisher":{"@id":"https:\/\/uibie.com\/#organization"},"potentialAction":[{"@type":"SearchAction","target":{"@type":"EntryPoint","urlTemplate":"https:\/\/uibie.com\/?s={search_term_string}"},"query-input":{"@type":"PropertyValueSpecification","valueRequired":true,"valueName":"search_term_string"}}],"inLanguage":"fr-FR"},{"@type":"Organization","@id":"https:\/\/uibie.com\/#organization","name":"Uibie : apiculture urbaine avec Jason Garitan","url":"https:\/\/uibie.com\/","logo":{"@type":"ImageObject","inLanguage":"fr-FR","@id":"https:\/\/uibie.com\/#\/schema\/logo\/image\/","url":"https:\/\/uibie.com\/wp-content\/uploads\/2017\/07\/Uibie_FB_Pro1.png","contentUrl":"https:\/\/uibie.com\/wp-content\/uploads\/2017\/07\/Uibie_FB_Pro1.png","width":400,"height":400,"caption":"Uibie : apiculture urbaine avec Jason Garitan"},"image":{"@id":"https:\/\/uibie.com\/#\/schema\/logo\/image\/"},"sameAs":["https:\/\/www.facebook.com\/uibieapiculture\/","https:\/\/www.instagram.com\/uibieapiculture\/","https:\/\/fr.linkedin.com\/in\/jason-garitan-94a23a135"]}]}},"jetpack_sharing_enabled":true,"_links":{"self":[{"href":"https:\/\/uibie.com\/index.php\/wp-json\/wp\/v2\/pages\/432"}],"collection":[{"href":"https:\/\/uibie.com\/index.php\/wp-json\/wp\/v2\/pages"}],"about":[{"href":"https:\/\/uibie.com\/index.php\/wp-json\/wp\/v2\/types\/page"}],"author":[{"embeddable":true,"href":"https:\/\/uibie.com\/index.php\/wp-json\/wp\/v2\/users\/1"}],"replies":[{"embeddable":true,"href":"https:\/\/uibie.com\/index.php\/wp-json\/wp\/v2\/comments?post=432"}],"version-history":[{"count":251,"href":"https:\/\/uibie.com\/index.php\/wp-json\/wp\/v2\/pages\/432\/revisions"}],"predecessor-version":[{"id":8785,"href":"https:\/\/uibie.com\/index.php\/wp-json\/wp\/v2\/pages\/432\/revisions\/8785"}],"wp:featuredmedia":[{"embeddable":true,"href":"https:\/\/uibie.com\/index.php\/wp-json\/wp\/v2\/media\/1282"}],"wp:attachment":[{"href":"https:\/\/uibie.com\/index.php\/wp-json\/wp\/v2\/media?parent=432"}],"curies":[{"name":"wp","href":"https:\/\/api.w.org\/{rel}","templated":true}]}}