{"id":393,"date":"2017-02-17T20:17:07","date_gmt":"2017-02-17T19:17:07","guid":{"rendered":"https:\/\/uibie.com\/?page_id=393"},"modified":"2021-01-21T23:35:25","modified_gmt":"2021-01-21T22:35:25","slug":"abeilles-chez-nestle-recherche-a-lisieux","status":"publish","type":"page","link":"https:\/\/uibie.com\/index.php\/abeilles-chez-nestle-recherche-a-lisieux\/","title":{"rendered":"Nestl\u00e9"},"content":{"rendered":"<div id=\"pl-393\"  class=\"panel-layout\" ><div id=\"pg-393-0\"  class=\"panel-grid panel-has-style\" ><div class=\"siteorigin-panels-stretch panel-row-style panel-row-style-for-393-0\" data-stretch-type=\"full\" ><div id=\"pgc-393-0-0\"  class=\"panel-grid-cell\" ><div id=\"panel-393-0-0-0\" class=\"so-panel widget widget_black-studio-tinymce widget_black_studio_tinymce panel-first-child panel-last-child\" data-index=\"0\" ><div class=\"textwidget\"><p><span class=\"\" style=\"display:block;clear:both;height: 0px;padding-top: 700px;border-top-width:0px;border-bottom-width:0px;\"><\/span><\/p>\n<\/div><\/div><\/div><\/div><\/div><div id=\"pg-393-1\"  class=\"panel-grid panel-no-style\" ><div id=\"pgc-393-1-0\"  class=\"panel-grid-cell\" ><div id=\"panel-393-1-0-0\" class=\"so-panel widget widget_black-studio-tinymce widget_black_studio_tinymce panel-first-child panel-last-child\" data-index=\"1\" ><h3 class=\"widget-title\">Des ruches \u00e0 Nestl\u00e9 !<\/h3><div class=\"textwidget\"><p><span class=\"\" style=\"display:block;clear:both;height: 0px;padding-top: 90px;border-top-width:0px;border-bottom-width:0px;\"><\/span>Le centre de recherche Nestl\u00e9 \u00e0 Lisieux a fait poser des ruches et\u00a0participe donc \u00e0 la<strong> protection de l'abeille<\/strong> et \u00e0 l'essor de l'apiculture en Normandie !\u00a0En France, depuis 1995, pr\u00e8s de <strong>30 % des colonies d\u2019abeilles disparaissent<\/strong> chaque ann\u00e9e. En 10 ans, 15 000 apiculteurs ont cess\u00e9 leur activit\u00e9.<\/p>\n<p>Les <strong>abeilles<\/strong> sont si pr\u00e9cieuses que sans elles, notre agriculture est menac\u00e9e. Sans les\u00a0<strong>abeilles, notre avenir est mis en danger<\/strong>. En effet,\u00a0sans pollinisation, ce sont plus de 130 types de cultures qui seraient directement menac\u00e9es.<\/p>\n<p><img loading=\"lazy\" decoding=\"async\" class=\"aligncenter wp-image-34\" src=\"https:\/\/uibie.com\/wp-content\/uploads\/2016\/06\/Uibie-Pictos-04.png\" alt=\"Ruches en entreprise\" width=\"139\" height=\"139\" srcset=\"https:\/\/uibie.com\/wp-content\/uploads\/2016\/06\/Uibie-Pictos-04.png 100w, https:\/\/uibie.com\/wp-content\/uploads\/2016\/06\/Uibie-Pictos-04-73x73.png 73w, https:\/\/uibie.com\/wp-content\/uploads\/2016\/06\/Uibie-Pictos-04-50x50.png 50w\" sizes=\"(max-width: 139px) 100vw, 139px\" \/><\/p>\n<\/div><\/div><\/div><div id=\"pgc-393-1-1\"  class=\"panel-grid-cell\" ><div id=\"panel-393-1-1-0\" class=\"so-panel widget widget_black-studio-tinymce widget_black_studio_tinymce panel-first-child panel-last-child\" data-index=\"2\" ><div class=\"textwidget\"><p><img loading=\"lazy\" decoding=\"async\" class=\"aligncenter size-full wp-image-398\" src=\"https:\/\/uibie.com\/wp-content\/uploads\/2017\/02\/DSC_0668.jpg\" alt=\"Uibie Nestle\" width=\"4000\" height=\"6000\" srcset=\"https:\/\/uibie.com\/wp-content\/uploads\/2017\/02\/DSC_0668.jpg 4000w, https:\/\/uibie.com\/wp-content\/uploads\/2017\/02\/DSC_0668-1600x2400.jpg 1600w, https:\/\/uibie.com\/wp-content\/uploads\/2017\/02\/DSC_0668-200x300.jpg 200w, https:\/\/uibie.com\/wp-content\/uploads\/2017\/02\/DSC_0668-768x1152.jpg 768w, https:\/\/uibie.com\/wp-content\/uploads\/2017\/02\/DSC_0668-683x1024.jpg 683w, https:\/\/uibie.com\/wp-content\/uploads\/2017\/02\/DSC_0668-33x50.jpg 33w\" sizes=\"(max-width: 4000px) 100vw, 4000px\" \/><\/p>\n<\/div><\/div><\/div><\/div><div id=\"pg-393-2\"  class=\"panel-grid panel-no-style\" ><div id=\"pgc-393-2-0\"  class=\"panel-grid-cell\" ><div id=\"panel-393-2-0-0\" class=\"so-panel widget widget_black-studio-tinymce widget_black_studio_tinymce panel-first-child panel-last-child\" data-index=\"3\" ><div class=\"textwidget\"><p><span class=\"\" style=\"display:block;clear:both;height: 0px;padding-top: 50px;border-top-width:0px;border-bottom-width:0px;\"><\/span><img loading=\"lazy\" decoding=\"async\" class=\"aligncenter size-full wp-image-397\" src=\"https:\/\/uibie.com\/wp-content\/uploads\/2017\/02\/DSC_0671.jpg\" alt=\"Nestle Uibie\" width=\"6000\" height=\"2684\" srcset=\"https:\/\/uibie.com\/wp-content\/uploads\/2017\/02\/DSC_0671.jpg 6000w, https:\/\/uibie.com\/wp-content\/uploads\/2017\/02\/DSC_0671-1600x716.jpg 1600w, https:\/\/uibie.com\/wp-content\/uploads\/2017\/02\/DSC_0671-300x134.jpg 300w, https:\/\/uibie.com\/wp-content\/uploads\/2017\/02\/DSC_0671-768x344.jpg 768w, https:\/\/uibie.com\/wp-content\/uploads\/2017\/02\/DSC_0671-1024x458.jpg 1024w, https:\/\/uibie.com\/wp-content\/uploads\/2017\/02\/DSC_0671-50x22.jpg 50w\" sizes=\"(max-width: 6000px) 100vw, 6000px\" \/><\/p>\n<\/div><\/div><\/div><div id=\"pgc-393-2-1\"  class=\"panel-grid-cell\" ><div id=\"panel-393-2-1-0\" class=\"so-panel widget widget_black-studio-tinymce widget_black_studio_tinymce panel-first-child panel-last-child\" data-index=\"4\" ><h3 class=\"widget-title\">L&rsquo;installation<\/h3><div class=\"textwidget\"><p><strong>L'installation des ruches<\/strong> s'est faite en d\u00e9but d'apr\u00e8s-midi, le soleil\u00a0\u00e9taient au rendez-vous, favorisant ainsi l'implantation des abeilles !\u00a0Le d\u00e9placement de colonie doit se faire par temps doux afin de ne pas trop d\u00e9ranger les abeilles qui s'occupent \u00e0 maintenir la temp\u00e9rature de la ruche \u00e0 23 degr\u00e9s en hiver.<\/p>\n<p>D\u00e8s le printemps des hausses seront plac\u00e9es sur les ruches afin que les abeilles aient plus de place pour <strong>stocker le nectar<\/strong> qui devient tr\u00e8s abondant !\u00a0 Elles auront donc plus de place pour produire du miel ! Le miel sera mis en pots\u00a0avec <strong>des \u00e9tiquettes personnalis\u00e9es<\/strong>.\u00a0<\/p>\n<\/div><\/div><\/div><\/div><div id=\"pg-393-3\"  class=\"panel-grid panel-no-style\" ><div id=\"pgc-393-3-0\"  class=\"panel-grid-cell\" ><div id=\"panel-393-3-0-0\" class=\"so-panel widget widget_black-studio-tinymce widget_black_studio_tinymce panel-first-child panel-last-child\" data-index=\"5\" ><div class=\"textwidget\"><p style=\"text-align: center;\">Venez d\u00e9couvrir les abeilles de Uibie sur la page <a href=\"https:\/\/www.facebook.com\/uibieapiculture\/\">Facebook<\/a> et aussi d\u00e9couvrir plus de photos. Vous pouvez aussi nous suivre sur\u00a0<a href=\"https:\/\/www.instagram.com\/uibieapiculture\/\">instagram<\/a>\u00a0et\u00a0<a href=\"https:\/\/twitter.com\/uibieapiculture?lang=en\">twitter\u00a0<\/a>pour suivre la vie des abeilles !!<\/p>\n<p><img loading=\"lazy\" decoding=\"async\" class=\"size-full wp-image-117 aligncenter\" src=\"https:\/\/uibie.com\/wp-content\/uploads\/2016\/09\/Uibie-Pictos-07.png\" alt=\"Ruches en entreprise\" width=\"101\" height=\"100\" srcset=\"https:\/\/uibie.com\/wp-content\/uploads\/2016\/09\/Uibie-Pictos-07.png 101w, https:\/\/uibie.com\/wp-content\/uploads\/2016\/09\/Uibie-Pictos-07-100x100.png 100w, https:\/\/uibie.com\/wp-content\/uploads\/2016\/09\/Uibie-Pictos-07-73x73.png 73w, https:\/\/uibie.com\/wp-content\/uploads\/2016\/09\/Uibie-Pictos-07-50x50.png 50w\" sizes=\"(max-width: 101px) 100vw, 101px\" \/><img loading=\"lazy\" decoding=\"async\" class=\"size-full wp-image-117 aligncenter\" src=\"https:\/\/uibie.com\/wp-content\/uploads\/2016\/09\/Uibie-Pictos-07.png\" alt=\"Ruches en entreprise\" width=\"101\" height=\"100\" srcset=\"https:\/\/uibie.com\/wp-content\/uploads\/2016\/09\/Uibie-Pictos-07.png 101w, https:\/\/uibie.com\/wp-content\/uploads\/2016\/09\/Uibie-Pictos-07-100x100.png 100w, https:\/\/uibie.com\/wp-content\/uploads\/2016\/09\/Uibie-Pictos-07-73x73.png 73w, https:\/\/uibie.com\/wp-content\/uploads\/2016\/09\/Uibie-Pictos-07-50x50.png 50w\" sizes=\"(max-width: 101px) 100vw, 101px\" \/><\/p>\n<\/div><\/div><\/div><\/div><div id=\"pg-393-4\"  class=\"panel-grid panel-no-style\" ><div id=\"pgc-393-4-0\"  class=\"panel-grid-cell\" ><div id=\"panel-393-4-0-0\" class=\"so-panel widget widget_black-studio-tinymce widget_black_studio_tinymce panel-first-child panel-last-child\" data-index=\"6\" ><div class=\"textwidget\"><p><img loading=\"lazy\" decoding=\"async\" class=\"aligncenter size-full wp-image-401\" src=\"https:\/\/uibie.com\/wp-content\/uploads\/2017\/02\/DSC_0677.jpg\" alt=\"Uibie Nestle\" width=\"5187\" height=\"3573\" srcset=\"https:\/\/uibie.com\/wp-content\/uploads\/2017\/02\/DSC_0677.jpg 5187w, https:\/\/uibie.com\/wp-content\/uploads\/2017\/02\/DSC_0677-1600x1102.jpg 1600w, https:\/\/uibie.com\/wp-content\/uploads\/2017\/02\/DSC_0677-300x207.jpg 300w, https:\/\/uibie.com\/wp-content\/uploads\/2017\/02\/DSC_0677-768x529.jpg 768w, https:\/\/uibie.com\/wp-content\/uploads\/2017\/02\/DSC_0677-1024x705.jpg 1024w, https:\/\/uibie.com\/wp-content\/uploads\/2017\/02\/DSC_0677-50x34.jpg 50w\" sizes=\"(max-width: 5187px) 100vw, 5187px\" \/><\/p>\n<\/div><\/div><\/div><div id=\"pgc-393-4-1\"  class=\"panel-grid-cell\" ><div id=\"panel-393-4-1-0\" class=\"so-panel widget widget_black-studio-tinymce widget_black_studio_tinymce panel-first-child panel-last-child\" data-index=\"7\" ><div class=\"textwidget\"><p><img loading=\"lazy\" decoding=\"async\" class=\"aligncenter size-full wp-image-404\" src=\"https:\/\/uibie.com\/wp-content\/uploads\/2017\/02\/DSC_06782.jpg\" alt=\"Uibie Nestle\" width=\"6000\" height=\"4000\" srcset=\"https:\/\/uibie.com\/wp-content\/uploads\/2017\/02\/DSC_06782.jpg 6000w, https:\/\/uibie.com\/wp-content\/uploads\/2017\/02\/DSC_06782-1600x1067.jpg 1600w, https:\/\/uibie.com\/wp-content\/uploads\/2017\/02\/DSC_06782-300x200.jpg 300w, https:\/\/uibie.com\/wp-content\/uploads\/2017\/02\/DSC_06782-768x512.jpg 768w, https:\/\/uibie.com\/wp-content\/uploads\/2017\/02\/DSC_06782-1024x683.jpg 1024w, https:\/\/uibie.com\/wp-content\/uploads\/2017\/02\/DSC_06782-750x500.jpg 750w, https:\/\/uibie.com\/wp-content\/uploads\/2017\/02\/DSC_06782-50x33.jpg 50w\" sizes=\"(max-width: 6000px) 100vw, 6000px\" \/><\/p>\n<\/div><\/div><\/div><div id=\"pgc-393-4-2\"  class=\"panel-grid-cell\" ><div id=\"panel-393-4-2-0\" class=\"so-panel widget widget_black-studio-tinymce widget_black_studio_tinymce panel-first-child panel-last-child\" data-index=\"8\" ><div class=\"textwidget\"><p><img loading=\"lazy\" decoding=\"async\" class=\"aligncenter size-full wp-image-386\" src=\"https:\/\/uibie.com\/wp-content\/uploads\/2016\/09\/DSC_0547.jpg\" alt=\"Ruches Caen\" width=\"6000\" height=\"4000\" srcset=\"https:\/\/uibie.com\/wp-content\/uploads\/2016\/09\/DSC_0547.jpg 6000w, https:\/\/uibie.com\/wp-content\/uploads\/2016\/09\/DSC_0547-1600x1067.jpg 1600w, https:\/\/uibie.com\/wp-content\/uploads\/2016\/09\/DSC_0547-300x200.jpg 300w, https:\/\/uibie.com\/wp-content\/uploads\/2016\/09\/DSC_0547-768x512.jpg 768w, https:\/\/uibie.com\/wp-content\/uploads\/2016\/09\/DSC_0547-1024x683.jpg 1024w, https:\/\/uibie.com\/wp-content\/uploads\/2016\/09\/DSC_0547-750x500.jpg 750w, https:\/\/uibie.com\/wp-content\/uploads\/2016\/09\/DSC_0547-50x33.jpg 50w\" sizes=\"(max-width: 6000px) 100vw, 6000px\" \/><\/p>\n<\/div><\/div><\/div><\/div><\/div>","protected":false},"excerpt":{"rendered":"<p>Le centre de recherche Nestl\u00e9 \u00e0 Lisieux a fait poser des ruches et\u00a0participe donc \u00e0 la protection de l&rsquo;abeille et \u00e0 l&rsquo;essor de l&rsquo;apiculture en Normandie !\u00a0En France, depuis 1995, pr\u00e8s de 30 % des colonies d\u2019abeilles disparaissent chaque ann\u00e9e. En 10 ans, 15 000 apiculteurs ont cess\u00e9 leur activit\u00e9. Les abeilles sont si pr\u00e9cieuses<a href=\"https:\/\/uibie.com\/index.php\/abeilles-chez-nestle-recherche-a-lisieux\/\">[&#8230;]<\/a><\/p>\n","protected":false},"author":1,"featured_media":396,"parent":0,"menu_order":0,"comment_status":"closed","ping_status":"closed","template":"template-fullwidth.php","meta":{"footnotes":""},"class_list":["post-393","page","type-page","status-publish","has-post-thumbnail","hentry"],"wppr_data":{"cwp_meta_box_check":"No"},"yoast_head":"<!-- This site is optimized with the Yoast SEO plugin v24.0 - https:\/\/yoast.com\/wordpress\/plugins\/seo\/ -->\n<title>Des ruches chez Nestle \u00e0 Lisieux pour sauvegarder celles-ci !<\/title>\n<meta name=\"description\" content=\"Le centre de recherche Nestle \u00e0 Lisieux \u00e0 fait poser des ruches et participe donc \u00e0 la protection de l&#039;abeille et \u00e0 l&#039;essor de l&#039;apiculture en Normandie !\" \/>\n<meta name=\"robots\" content=\"index, follow, max-snippet:-1, max-image-preview:large, max-video-preview:-1\" \/>\n<link rel=\"canonical\" href=\"https:\/\/uibie.com\/index.php\/abeilles-chez-nestle-recherche-a-lisieux\/\" \/>\n<meta property=\"og:locale\" content=\"fr_FR\" \/>\n<meta property=\"og:type\" content=\"article\" \/>\n<meta property=\"og:title\" content=\"Des ruches chez Nestle \u00e0 Lisieux pour sauvegarder celles-ci !\" \/>\n<meta property=\"og:description\" content=\"Le centre de recherche Nestle \u00e0 Lisieux \u00e0 fait poser des ruches et participe donc \u00e0 la protection de l&#039;abeille et \u00e0 l&#039;essor de l&#039;apiculture en Normandie !\" \/>\n<meta property=\"og:url\" content=\"https:\/\/uibie.com\/index.php\/abeilles-chez-nestle-recherche-a-lisieux\/\" \/>\n<meta property=\"og:site_name\" content=\"Uibie\" \/>\n<meta property=\"article:publisher\" content=\"https:\/\/www.facebook.com\/uibieapiculture\/\" \/>\n<meta property=\"article:modified_time\" content=\"2021-01-21T22:35:25+00:00\" \/>\n<meta property=\"og:image\" content=\"https:\/\/uibie.com\/wp-content\/uploads\/2017\/02\/DSC_0676-1024x683.jpg\" \/>\n\t<meta property=\"og:image:width\" content=\"1024\" \/>\n\t<meta property=\"og:image:height\" content=\"683\" \/>\n\t<meta property=\"og:image:type\" content=\"image\/jpeg\" \/>\n<meta name=\"twitter:card\" content=\"summary_large_image\" \/>\n<meta name=\"twitter:label1\" content=\"Dur\u00e9e de lecture estim\u00e9e\" \/>\n\t<meta name=\"twitter:data1\" content=\"1 minute\" \/>\n<script type=\"application\/ld+json\" class=\"yoast-schema-graph\">{\"@context\":\"https:\/\/schema.org\",\"@graph\":[{\"@type\":\"WebPage\",\"@id\":\"https:\/\/uibie.com\/index.php\/abeilles-chez-nestle-recherche-a-lisieux\/\",\"url\":\"https:\/\/uibie.com\/index.php\/abeilles-chez-nestle-recherche-a-lisieux\/\",\"name\":\"Des ruches chez Nestle \u00e0 Lisieux pour sauvegarder celles-ci !\",\"isPartOf\":{\"@id\":\"https:\/\/uibie.com\/#website\"},\"primaryImageOfPage\":{\"@id\":\"https:\/\/uibie.com\/index.php\/abeilles-chez-nestle-recherche-a-lisieux\/#primaryimage\"},\"image\":{\"@id\":\"https:\/\/uibie.com\/index.php\/abeilles-chez-nestle-recherche-a-lisieux\/#primaryimage\"},\"thumbnailUrl\":\"https:\/\/uibie.com\/wp-content\/uploads\/2017\/02\/DSC_0676.jpg\",\"datePublished\":\"2017-02-17T19:17:07+00:00\",\"dateModified\":\"2021-01-21T22:35:25+00:00\",\"description\":\"Le centre de recherche Nestle \u00e0 Lisieux \u00e0 fait poser des ruches et participe donc \u00e0 la protection de l'abeille et \u00e0 l'essor de l'apiculture en Normandie !\",\"breadcrumb\":{\"@id\":\"https:\/\/uibie.com\/index.php\/abeilles-chez-nestle-recherche-a-lisieux\/#breadcrumb\"},\"inLanguage\":\"fr-FR\",\"potentialAction\":[{\"@type\":\"ReadAction\",\"target\":[\"https:\/\/uibie.com\/index.php\/abeilles-chez-nestle-recherche-a-lisieux\/\"]}]},{\"@type\":\"ImageObject\",\"inLanguage\":\"fr-FR\",\"@id\":\"https:\/\/uibie.com\/index.php\/abeilles-chez-nestle-recherche-a-lisieux\/#primaryimage\",\"url\":\"https:\/\/uibie.com\/wp-content\/uploads\/2017\/02\/DSC_0676.jpg\",\"contentUrl\":\"https:\/\/uibie.com\/wp-content\/uploads\/2017\/02\/DSC_0676.jpg\",\"width\":6000,\"height\":4000,\"caption\":\"Uibie Nestle\"},{\"@type\":\"BreadcrumbList\",\"@id\":\"https:\/\/uibie.com\/index.php\/abeilles-chez-nestle-recherche-a-lisieux\/#breadcrumb\",\"itemListElement\":[{\"@type\":\"ListItem\",\"position\":1,\"name\":\"Accueil\",\"item\":\"https:\/\/uibie.com\/\"},{\"@type\":\"ListItem\",\"position\":2,\"name\":\"Nestl\u00e9\"}]},{\"@type\":\"WebSite\",\"@id\":\"https:\/\/uibie.com\/#website\",\"url\":\"https:\/\/uibie.com\/\",\"name\":\"Uibie\",\"description\":\"L&#039;apiculture avec Jason Garitan\",\"publisher\":{\"@id\":\"https:\/\/uibie.com\/#organization\"},\"potentialAction\":[{\"@type\":\"SearchAction\",\"target\":{\"@type\":\"EntryPoint\",\"urlTemplate\":\"https:\/\/uibie.com\/?s={search_term_string}\"},\"query-input\":{\"@type\":\"PropertyValueSpecification\",\"valueRequired\":true,\"valueName\":\"search_term_string\"}}],\"inLanguage\":\"fr-FR\"},{\"@type\":\"Organization\",\"@id\":\"https:\/\/uibie.com\/#organization\",\"name\":\"Uibie : apiculture urbaine avec Jason Garitan\",\"url\":\"https:\/\/uibie.com\/\",\"logo\":{\"@type\":\"ImageObject\",\"inLanguage\":\"fr-FR\",\"@id\":\"https:\/\/uibie.com\/#\/schema\/logo\/image\/\",\"url\":\"https:\/\/uibie.com\/wp-content\/uploads\/2017\/07\/Uibie_FB_Pro1.png\",\"contentUrl\":\"https:\/\/uibie.com\/wp-content\/uploads\/2017\/07\/Uibie_FB_Pro1.png\",\"width\":400,\"height\":400,\"caption\":\"Uibie : apiculture urbaine avec Jason Garitan\"},\"image\":{\"@id\":\"https:\/\/uibie.com\/#\/schema\/logo\/image\/\"},\"sameAs\":[\"https:\/\/www.facebook.com\/uibieapiculture\/\",\"https:\/\/www.instagram.com\/uibieapiculture\/\",\"https:\/\/fr.linkedin.com\/in\/jason-garitan-94a23a135\"]}]}<\/script>\n<!-- \/ Yoast SEO plugin. -->","yoast_head_json":{"title":"Des ruches chez Nestle \u00e0 Lisieux pour sauvegarder celles-ci !","description":"Le centre de recherche Nestle \u00e0 Lisieux \u00e0 fait poser des ruches et participe donc \u00e0 la protection de l'abeille et \u00e0 l'essor de l'apiculture en Normandie !","robots":{"index":"index","follow":"follow","max-snippet":"max-snippet:-1","max-image-preview":"max-image-preview:large","max-video-preview":"max-video-preview:-1"},"canonical":"https:\/\/uibie.com\/index.php\/abeilles-chez-nestle-recherche-a-lisieux\/","og_locale":"fr_FR","og_type":"article","og_title":"Des ruches chez Nestle \u00e0 Lisieux pour sauvegarder celles-ci !","og_description":"Le centre de recherche Nestle \u00e0 Lisieux \u00e0 fait poser des ruches et participe donc \u00e0 la protection de l'abeille et \u00e0 l'essor de l'apiculture en Normandie !","og_url":"https:\/\/uibie.com\/index.php\/abeilles-chez-nestle-recherche-a-lisieux\/","og_site_name":"Uibie","article_publisher":"https:\/\/www.facebook.com\/uibieapiculture\/","article_modified_time":"2021-01-21T22:35:25+00:00","og_image":[{"width":1024,"height":683,"url":"https:\/\/uibie.com\/wp-content\/uploads\/2017\/02\/DSC_0676-1024x683.jpg","type":"image\/jpeg"}],"twitter_card":"summary_large_image","twitter_misc":{"Dur\u00e9e de lecture estim\u00e9e":"1 minute"},"schema":{"@context":"https:\/\/schema.org","@graph":[{"@type":"WebPage","@id":"https:\/\/uibie.com\/index.php\/abeilles-chez-nestle-recherche-a-lisieux\/","url":"https:\/\/uibie.com\/index.php\/abeilles-chez-nestle-recherche-a-lisieux\/","name":"Des ruches chez Nestle \u00e0 Lisieux pour sauvegarder celles-ci !","isPartOf":{"@id":"https:\/\/uibie.com\/#website"},"primaryImageOfPage":{"@id":"https:\/\/uibie.com\/index.php\/abeilles-chez-nestle-recherche-a-lisieux\/#primaryimage"},"image":{"@id":"https:\/\/uibie.com\/index.php\/abeilles-chez-nestle-recherche-a-lisieux\/#primaryimage"},"thumbnailUrl":"https:\/\/uibie.com\/wp-content\/uploads\/2017\/02\/DSC_0676.jpg","datePublished":"2017-02-17T19:17:07+00:00","dateModified":"2021-01-21T22:35:25+00:00","description":"Le centre de recherche Nestle \u00e0 Lisieux \u00e0 fait poser des ruches et participe donc \u00e0 la protection de l'abeille et \u00e0 l'essor de l'apiculture en Normandie !","breadcrumb":{"@id":"https:\/\/uibie.com\/index.php\/abeilles-chez-nestle-recherche-a-lisieux\/#breadcrumb"},"inLanguage":"fr-FR","potentialAction":[{"@type":"ReadAction","target":["https:\/\/uibie.com\/index.php\/abeilles-chez-nestle-recherche-a-lisieux\/"]}]},{"@type":"ImageObject","inLanguage":"fr-FR","@id":"https:\/\/uibie.com\/index.php\/abeilles-chez-nestle-recherche-a-lisieux\/#primaryimage","url":"https:\/\/uibie.com\/wp-content\/uploads\/2017\/02\/DSC_0676.jpg","contentUrl":"https:\/\/uibie.com\/wp-content\/uploads\/2017\/02\/DSC_0676.jpg","width":6000,"height":4000,"caption":"Uibie Nestle"},{"@type":"BreadcrumbList","@id":"https:\/\/uibie.com\/index.php\/abeilles-chez-nestle-recherche-a-lisieux\/#breadcrumb","itemListElement":[{"@type":"ListItem","position":1,"name":"Accueil","item":"https:\/\/uibie.com\/"},{"@type":"ListItem","position":2,"name":"Nestl\u00e9"}]},{"@type":"WebSite","@id":"https:\/\/uibie.com\/#website","url":"https:\/\/uibie.com\/","name":"Uibie","description":"L&#039;apiculture avec Jason Garitan","publisher":{"@id":"https:\/\/uibie.com\/#organization"},"potentialAction":[{"@type":"SearchAction","target":{"@type":"EntryPoint","urlTemplate":"https:\/\/uibie.com\/?s={search_term_string}"},"query-input":{"@type":"PropertyValueSpecification","valueRequired":true,"valueName":"search_term_string"}}],"inLanguage":"fr-FR"},{"@type":"Organization","@id":"https:\/\/uibie.com\/#organization","name":"Uibie : apiculture urbaine avec Jason Garitan","url":"https:\/\/uibie.com\/","logo":{"@type":"ImageObject","inLanguage":"fr-FR","@id":"https:\/\/uibie.com\/#\/schema\/logo\/image\/","url":"https:\/\/uibie.com\/wp-content\/uploads\/2017\/07\/Uibie_FB_Pro1.png","contentUrl":"https:\/\/uibie.com\/wp-content\/uploads\/2017\/07\/Uibie_FB_Pro1.png","width":400,"height":400,"caption":"Uibie : apiculture urbaine avec Jason Garitan"},"image":{"@id":"https:\/\/uibie.com\/#\/schema\/logo\/image\/"},"sameAs":["https:\/\/www.facebook.com\/uibieapiculture\/","https:\/\/www.instagram.com\/uibieapiculture\/","https:\/\/fr.linkedin.com\/in\/jason-garitan-94a23a135"]}]}},"jetpack_sharing_enabled":true,"_links":{"self":[{"href":"https:\/\/uibie.com\/index.php\/wp-json\/wp\/v2\/pages\/393"}],"collection":[{"href":"https:\/\/uibie.com\/index.php\/wp-json\/wp\/v2\/pages"}],"about":[{"href":"https:\/\/uibie.com\/index.php\/wp-json\/wp\/v2\/types\/page"}],"author":[{"embeddable":true,"href":"https:\/\/uibie.com\/index.php\/wp-json\/wp\/v2\/users\/1"}],"replies":[{"embeddable":true,"href":"https:\/\/uibie.com\/index.php\/wp-json\/wp\/v2\/comments?post=393"}],"version-history":[{"count":19,"href":"https:\/\/uibie.com\/index.php\/wp-json\/wp\/v2\/pages\/393\/revisions"}],"predecessor-version":[{"id":7674,"href":"https:\/\/uibie.com\/index.php\/wp-json\/wp\/v2\/pages\/393\/revisions\/7674"}],"wp:featuredmedia":[{"embeddable":true,"href":"https:\/\/uibie.com\/index.php\/wp-json\/wp\/v2\/media\/396"}],"wp:attachment":[{"href":"https:\/\/uibie.com\/index.php\/wp-json\/wp\/v2\/media?parent=393"}],"curies":[{"name":"wp","href":"https:\/\/api.w.org\/{rel}","templated":true}]}}